{"id":23952,"date":"2023-12-02T18:15:09","date_gmt":"2023-12-02T16:15:09","guid":{"rendered":"https:\/\/stiftadmont.at\/?page_id=23952"},"modified":"2024-06-07T09:12:09","modified_gmt":"2024-06-07T07:12:09","slug":"la-regla-de-san-benedicto","status":"publish","type":"page","link":"https:\/\/stiftadmont.at\/es\/950-jahre-stift-admont\/die-regel-des-hl-benedikt\/","title":{"rendered":"La Regla de San Benito"},"content":{"rendered":"<section id='lightpress__section--block_538a6b45cef88816afbdd1ec83fb9ba2' class='align-center lightpress__section--default-section-space lightpress__section lightpress__section--headline'><div class=\"headline__container\">\n            <h2 class=\"headline text--40 text-medium line line--gold line-above line-middle\">La Regla de San Benito<\/h2>\n        <p class=\"text-center text-gold text--20 text-medium text--uppercase\">El coraz\u00f3n, la mano y el cerebro de un monasterio<\/p>\n        <div class=\"spacer--40\"><\/div>\n<\/div>\n\n<\/section>\n\n<section id='lightpress__section--block_0c6ff94ea3413abba14d6632ea7a913c' class='lightpress__section--default-section-space lightpress__section lightpress__section--content'><div class=\"content__inner\"\n         x-init=\"initContentBlockAnim($el)\">\n        \n    <div class=\"content__grid content__grid--fifty-fifty\">\n                                            <div class=\"content__box content__box\"\n                 style=\"margin-top: -2em;max-width:850px;justify-self: center;\">\n                                \n                \n                                            <div class=\"prose\"><p><strong>Cuando en 1074 se fund\u00f3 la abad\u00eda benedictina de Admont, hac\u00eda ya m\u00e1s de 500 a\u00f1os que monjes y monjas viv\u00edan seg\u00fan la Regla de San Benito en todo el mundo entonces conocido. <\/strong><\/p>\n<p>Benito naci\u00f3 hacia 480 en la actual Italia, hijo de un rico terrateniente. Fue enviado a Roma para estudiar, pero pronto abandon\u00f3 sus estudios para vivir como ermita\u00f1o en las monta\u00f1as de Enfide. Pronto atrajo la atenci\u00f3n de los vecinos, de modo que la comunidad mon\u00e1stica de Vicovaro lo eligi\u00f3 abad. Sin embargo, la tensi\u00f3n en esta comunidad era tan grande que Benito volvi\u00f3 a abandonar el monasterio tras un intento de asesinato. <\/p>\n<p>San Benito se retir\u00f3 a Subiaco y, seg\u00fan la tradici\u00f3n, fund\u00f3 all\u00ed 12 peque\u00f1os monasterios. El monasterio de Santa Escol\u00e1stica, dedicado a su hermana gemela, sigue existiendo all\u00ed. Los conflictos con los sacerdotes locales y el obispo hicieron necesaria otra mudanza. En 529, Benito se traslad\u00f3 a Monte Cassino, a 80 kil\u00f3metros de distancia, y fund\u00f3 all\u00ed otro monasterio, que hoy se considera el monasterio madre de los benedictinos. <br \/>Las reglas de la casa que escribi\u00f3 para Monte Cassino se difundieron r\u00e1pidamente, y hoy unos 40.000 monjes y monjas de todo el mundo viven seg\u00fan estas reglas. El prop\u00f3sito de la Regula Benedicti es vivir el mensaje de Jes\u00fas. <br \/>En su sentido original, la Regla de San Benito es un manual de instrucciones para vivir seg\u00fan el Evangelio. La tradici\u00f3n la resume con las tres palabras latinas \"ora et labora et lege\": \"reza, trabaja y lee\". Esta tr\u00edada benedictina caracteriza la vida mon\u00e1stica. Lo primero y m\u00e1s importante es la oraci\u00f3n, ya que, seg\u00fan Benito, nada es preferible a la oraci\u00f3n. Varias veces al d\u00eda, los monjes de Admont se re\u00fanen en la llamada capilla del coro para rezar juntos la Liturgia de las Horas. Esta capilla es algo as\u00ed como el centro de nuestra casa. La oraci\u00f3n marca el ritmo del d\u00eda y de la vida benedictina. En la oraci\u00f3n, conectamos nuestros corazones con el coraz\u00f3n de Dios. Escuchamos con el coraz\u00f3n, como nos pide San Benito. Sin oraci\u00f3n regular, un monasterio no ser\u00eda un monasterio. Despu\u00e9s de la oraci\u00f3n, los monjes deben dedicarse al trabajo que les ha sido asignado.<\/p>\n<\/div>\n                    \n                            <\/div>\n        \n                                                    <div class=\"content__box content__box--2\"\n                     >\n                                        \n                                            \n                                                    <a href=\"https:\/\/www.youtube.com\/watch?v=-XzoCNJINJw\" class=\"content__video content__media\"\n                               x-data\n x-init=\"initContentLightBox('#lightpress__section--block_0c6ff94ea3413abba14d6632ea7a913c .content__video')\">\n                                                                \n                                <picture class=\"content__image\">\n                                    <source srcset=\"https:\/\/stiftadmont.at\/wp-content\/uploads\/Stift_Admont_\u00a9StefanLeitner_029-1024x735.webp\" type=\"image\/webp\">\n                                    <source srcset=\"https:\/\/stiftadmont.at\/wp-content\/uploads\/Stift_Admont_\u00a9StefanLeitner_029-1024x735.jpg\" type=\"image\/jpeg\">\n                                    <img decoding=\"async\" class=\"content__image\" loading=\"lazy\" src=\"https:\/\/stiftadmont.at\/wp-content\/uploads\/Stift_Admont_\u00a9StefanLeitner_029-1024x735.jpg\" alt=\"Abad\u00eda de Admont \u00a9StefanLeitner 029\" width=\"600\" height=\"450\" \/>\n                                <\/picture>\n\n                                <span class=\"overlay-dark\"><\/span>\n                                <span class=\"content-overlay\"><\/span>\n                                <div class=\"content__plaque\">\n                                    <div class=\"content__plaque-inner\">\n                                        <span><i class=\"fas fa-play content__icon\"><\/i><\/span>\n                                        <p class=\"paragraph-m\">Jugar<\/p>\n                                    <\/div>\n                                <\/div>\n                            <\/a>\n                        \n                                    <\/div>\n            \n            <\/div>\n<\/div>\n\n<\/section>\n\n<section id='lightpress__section--block_9e3d7ac84140db7e67157fcd385ab045' class='lightpress__section--default-section-space lightpress__section lightpress__section--content'><div class=\"content__inner\"\n         x-init=\"initContentBlockAnim($el)\">\n        \n    <div class=\"content__grid content__grid\">\n                                            <div class=\"content__box content__box--one-hundred\"\n                 style=\"\">\n                                \n                \n                                            <div class=\"prose\"><p>Esta zona ha cambiado considerablemente desde los tiempos de San Benito. Antes se dedicaba principalmente a la agricultura, pero hoy los monjes se ocupan de muchas otras tareas. Se supone que los monjes viven del trabajo de sus manos, por lo que esta edici\u00f3n de aniversario intenta retratar las diversas tareas de los monjes de Admont en el pasado y en la actualidad. Adem\u00e1s de la oraci\u00f3n y el trabajo, la lectura espiritual es una parte esencial de la vida de un monje benedictino. El monje debe dedicar cada d\u00eda cierto tiempo a la lectura de las Sagradas Escrituras y de otros textos espirituales. Esta ocupaci\u00f3n diaria debe servir de alimento para el cerebro y ayudar as\u00ed al monje a desarrollar una relaci\u00f3n a\u00fan m\u00e1s profunda con Cristo.<br \/>Adem\u00e1s de esta gran tr\u00edada, San Benito regula muchos asuntos peque\u00f1os y a menudo aparentemente discretos, que, sin embargo, tienen un sentido m\u00e1s profundo dentro de la estructura m\u00e1s amplia de un monasterio. Para San Benito es importante que sus monjes puedan llevar una vida satisfactoria. Nadie debe estar sobrecargado, nadie debe estar en desventaja. Un monasterio debe ser un lugar de paz y buena voluntad mutua. Benito termina su regla con las palabras \"Ut in omnibus glorificetur Deus\" - \"Para que Dios sea glorificado en todo\". Esta frase subyace a todas las instrucciones que da. Todo debe hacerse para la gloria de Dios.<\/p>\n<\/div>\n                    \n                            <\/div>\n        \n            <\/div>\n<\/div>\n\n<\/section>","protected":false},"excerpt":{"rendered":"","protected":false},"author":7,"featured_media":0,"parent":22541,"menu_order":9,"comment_status":"closed","ping_status":"closed","template":"","meta":{"_acf_changed":false,"footnotes":""},"categories":[],"class_list":["post-23952","page","type-page","status-publish","hentry"],"acf":[],"yoast_head":"<!-- This site is optimized with the Yoast SEO Premium plugin v26.0 (Yoast SEO v26.8) - https:\/\/yoast.com\/product\/yoast-seo-premium-wordpress\/ -->\n<title>Die Regel des Hl. Benedikt - Stift Admont<\/title>\n<meta name=\"robots\" content=\"index, follow, max-snippet:-1, max-image-preview:large, max-video-preview:-1\" \/>\n<link rel=\"canonical\" href=\"https:\/\/stiftadmont.at\/es\/950-anos-de-la-abadia-de-admont\/la-regla-de-san-benedicto\/\" \/>\n<meta property=\"og:locale\" content=\"es_ES\" \/>\n<meta property=\"og:type\" content=\"article\" \/>\n<meta property=\"og:title\" content=\"Die Regel des Hl. Benedikt\" \/>\n<meta property=\"og:url\" content=\"https:\/\/stiftadmont.at\/es\/950-anos-de-la-abadia-de-admont\/la-regla-de-san-benedicto\/\" \/>\n<meta property=\"og:site_name\" content=\"Stift Admont\" \/>\n<meta property=\"article:modified_time\" content=\"2024-06-07T07:12:09+00:00\" \/>\n<meta property=\"og:image\" content=\"https:\/\/stiftadmont.at\/wp-content\/uploads\/Klosteranlage-innen.jpg\" \/>\n\t<meta property=\"og:image:width\" content=\"1912\" \/>\n\t<meta property=\"og:image:height\" content=\"1188\" \/>\n\t<meta property=\"og:image:type\" content=\"image\/jpeg\" \/>\n<meta name=\"twitter:card\" content=\"summary_large_image\" \/>\n<script type=\"application\/ld+json\" class=\"yoast-schema-graph\">{\"@context\":\"https:\/\/schema.org\",\"@graph\":[{\"@type\":\"WebPage\",\"@id\":\"https:\/\/stiftadmont.at\/950-jahre-stift-admont\/die-regel-des-hl-benedikt\/\",\"url\":\"https:\/\/stiftadmont.at\/950-jahre-stift-admont\/die-regel-des-hl-benedikt\/\",\"name\":\"Die Regel des Hl. Benedikt - Stift Admont\",\"isPartOf\":{\"@id\":\"https:\/\/stiftadmont.at\/#website\"},\"datePublished\":\"2023-12-02T16:15:09+00:00\",\"dateModified\":\"2024-06-07T07:12:09+00:00\",\"breadcrumb\":{\"@id\":\"https:\/\/stiftadmont.at\/950-jahre-stift-admont\/die-regel-des-hl-benedikt\/#breadcrumb\"},\"inLanguage\":\"es\",\"potentialAction\":[{\"@type\":\"ReadAction\",\"target\":[\"https:\/\/stiftadmont.at\/950-jahre-stift-admont\/die-regel-des-hl-benedikt\/\"]}]},{\"@type\":\"BreadcrumbList\",\"@id\":\"https:\/\/stiftadmont.at\/950-jahre-stift-admont\/die-regel-des-hl-benedikt\/#breadcrumb\",\"itemListElement\":[{\"@type\":\"ListItem\",\"position\":1,\"name\":\"Start\",\"item\":\"https:\/\/stiftadmont.at\/\"},{\"@type\":\"ListItem\",\"position\":2,\"name\":\"950 Jahre Stift Admont\",\"item\":\"https:\/\/stiftadmont.at\/950-jahre-stift-admont\/\"},{\"@type\":\"ListItem\",\"position\":3,\"name\":\"Die Regel des Hl. Benedikt\"}]},{\"@type\":\"WebSite\",\"@id\":\"https:\/\/stiftadmont.at\/#website\",\"url\":\"https:\/\/stiftadmont.at\/\",\"name\":\"Stift Admont\",\"description\":\"Benediktinerkloster und Sehensw\u00fcrdigkeit im Ges\u00e4use\",\"potentialAction\":[{\"@type\":\"SearchAction\",\"target\":{\"@type\":\"EntryPoint\",\"urlTemplate\":\"https:\/\/stiftadmont.at\/?s={search_term_string}\"},\"query-input\":{\"@type\":\"PropertyValueSpecification\",\"valueRequired\":true,\"valueName\":\"search_term_string\"}}],\"inLanguage\":\"es\"}]}<\/script>\n<!-- \/ Yoast SEO Premium plugin. -->","yoast_head_json":{"title":"La Regla de San Benito - Abad\u00eda de Admont","robots":{"index":"index","follow":"follow","max-snippet":"max-snippet:-1","max-image-preview":"max-image-preview:large","max-video-preview":"max-video-preview:-1"},"canonical":"https:\/\/stiftadmont.at\/es\/950-anos-de-la-abadia-de-admont\/la-regla-de-san-benedicto\/","og_locale":"es_ES","og_type":"article","og_title":"Die Regel des Hl. Benedikt","og_url":"https:\/\/stiftadmont.at\/es\/950-anos-de-la-abadia-de-admont\/la-regla-de-san-benedicto\/","og_site_name":"Stift Admont","article_modified_time":"2024-06-07T07:12:09+00:00","og_image":[{"width":1912,"height":1188,"url":"https:\/\/stiftadmont.at\/wp-content\/uploads\/Klosteranlage-innen.jpg","type":"image\/jpeg"}],"twitter_card":"summary_large_image","schema":{"@context":"https:\/\/schema.org","@graph":[{"@type":"WebPage","@id":"https:\/\/stiftadmont.at\/950-jahre-stift-admont\/die-regel-des-hl-benedikt\/","url":"https:\/\/stiftadmont.at\/950-jahre-stift-admont\/die-regel-des-hl-benedikt\/","name":"La Regla de San Benito - Abad\u00eda de Admont","isPartOf":{"@id":"https:\/\/stiftadmont.at\/#website"},"datePublished":"2023-12-02T16:15:09+00:00","dateModified":"2024-06-07T07:12:09+00:00","breadcrumb":{"@id":"https:\/\/stiftadmont.at\/950-jahre-stift-admont\/die-regel-des-hl-benedikt\/#breadcrumb"},"inLanguage":"es","potentialAction":[{"@type":"ReadAction","target":["https:\/\/stiftadmont.at\/950-jahre-stift-admont\/die-regel-des-hl-benedikt\/"]}]},{"@type":"BreadcrumbList","@id":"https:\/\/stiftadmont.at\/950-jahre-stift-admont\/die-regel-des-hl-benedikt\/#breadcrumb","itemListElement":[{"@type":"ListItem","position":1,"name":"Start","item":"https:\/\/stiftadmont.at\/"},{"@type":"ListItem","position":2,"name":"950 Jahre Stift Admont","item":"https:\/\/stiftadmont.at\/950-jahre-stift-admont\/"},{"@type":"ListItem","position":3,"name":"Die Regel des Hl. Benedikt"}]},{"@type":"WebSite","@id":"https:\/\/stiftadmont.at\/#website","url":"https:\/\/stiftadmont.at\/","name":"Abad\u00eda de Admont","description":"Monasterio benedictino y atracci\u00f3n tur\u00edstica en el Ges\u00e4use","potentialAction":[{"@type":"SearchAction","target":{"@type":"EntryPoint","urlTemplate":"https:\/\/stiftadmont.at\/?s={search_term_string}"},"query-input":{"@type":"PropertyValueSpecification","valueRequired":true,"valueName":"search_term_string"}}],"inLanguage":"es"}]}},"_links":{"self":[{"href":"https:\/\/stiftadmont.at\/es\/wp-json\/wp\/v2\/pages\/23952","targetHints":{"allow":["GET"]}}],"collection":[{"href":"https:\/\/stiftadmont.at\/es\/wp-json\/wp\/v2\/pages"}],"about":[{"href":"https:\/\/stiftadmont.at\/es\/wp-json\/wp\/v2\/types\/page"}],"author":[{"embeddable":true,"href":"https:\/\/stiftadmont.at\/es\/wp-json\/wp\/v2\/users\/7"}],"replies":[{"embeddable":true,"href":"https:\/\/stiftadmont.at\/es\/wp-json\/wp\/v2\/comments?post=23952"}],"version-history":[{"count":5,"href":"https:\/\/stiftadmont.at\/es\/wp-json\/wp\/v2\/pages\/23952\/revisions"}],"predecessor-version":[{"id":26403,"href":"https:\/\/stiftadmont.at\/es\/wp-json\/wp\/v2\/pages\/23952\/revisions\/26403"}],"up":[{"embeddable":true,"href":"https:\/\/stiftadmont.at\/es\/wp-json\/wp\/v2\/pages\/22541"}],"wp:attachment":[{"href":"https:\/\/stiftadmont.at\/es\/wp-json\/wp\/v2\/media?parent=23952"}],"wp:term":[{"taxonomy":"category","embeddable":true,"href":"https:\/\/stiftadmont.at\/es\/wp-json\/wp\/v2\/categories?post=23952"}],"curies":[{"name":"wp","href":"https:\/\/api.w.org\/{rel}","templated":true}]}}

<section id='lightpress__section--block_538a6b45cef88816afbdd1ec83fb9ba2' class='align-center lightpress__section--default-section-space lightpress__section lightpress__section--headline'><div class="headline__container">
            <h2 class="headline text--40 text-medium line line--gold line-above line-middle">La Regla de San Benito</h2>
        <p class="text-center text-gold text--20 text-medium text--uppercase">El corazón, la mano y el cerebro de un monasterio</p>
        <div class="spacer--40"></div>
</div>

</section>

<section id='lightpress__section--block_0c6ff94ea3413abba14d6632ea7a913c' class='lightpress__section--default-section-space lightpress__section lightpress__section--content'><div class="content__inner"
         x-init="initContentBlockAnim($el)">
        
    <div class="content__grid content__grid--fifty-fifty">
                                            <div class="content__box content__box"
                 style="margin-top: -2em;max-width:850px;justify-self: center;">
                                
                
                                            <div class="prose"><p><strong>Cuando en 1074 se fundó la abadía benedictina de Admont, hacía ya más de 500 años que monjes y monjas vivían según la Regla de San Benito en todo el mundo entonces conocido. </strong></p>
<p>Benito nació hacia 480 en la actual Italia, hijo de un rico terrateniente. Fue enviado a Roma para estudiar, pero pronto abandonó sus estudios para vivir como ermitaño en las montañas de Enfide. Pronto atrajo la atención de los vecinos, de modo que la comunidad monástica de Vicovaro lo eligió abad. Sin embargo, la tensión en esta comunidad era tan grande que Benito volvió a abandonar el monasterio tras un intento de asesinato. </p>
<p>San Benito se retiró a Subiaco y, según la tradición, fundó allí 12 pequeños monasterios. El monasterio de Santa Escolástica, dedicado a su hermana gemela, sigue existiendo allí. Los conflictos con los sacerdotes locales y el obispo hicieron necesaria otra mudanza. En 529, Benito se trasladó a Monte Cassino, a 80 kilómetros de distancia, y fundó allí otro monasterio, que hoy se considera el monasterio madre de los benedictinos. <br />Las reglas de la casa que escribió para Monte Cassino se difundieron rápidamente, y hoy unos 40.000 monjes y monjas de todo el mundo viven según estas reglas. El propósito de la Regula Benedicti es vivir el mensaje de Jesús. <br />En su sentido original, la Regla de San Benito es un manual de instrucciones para vivir según el Evangelio. La tradición la resume con las tres palabras latinas "ora et labora et lege": "reza, trabaja y lee". Esta tríada benedictina caracteriza la vida monástica. Lo primero y más importante es la oración, ya que, según Benito, nada es preferible a la oración. Varias veces al día, los monjes de Admont se reúnen en la llamada capilla del coro para rezar juntos la Liturgia de las Horas. Esta capilla es algo así como el centro de nuestra casa. La oración marca el ritmo del día y de la vida benedictina. En la oración, conectamos nuestros corazones con el corazón de Dios. Escuchamos con el corazón, como nos pide San Benito. Sin oración regular, un monasterio no sería un monasterio. Después de la oración, los monjes deben dedicarse al trabajo que les ha sido asignado.</p>
</div>
                    
                            </div>
        
                                                    <div class="content__box content__box--2"
                     >
                                        
                                            
                                                    <a href="https://www.youtube.com/watch?v=-XzoCNJINJw" class="content__video content__media"
                               x-data
 x-init="initContentLightBox('#lightpress__section--block_0c6ff94ea3413abba14d6632ea7a913c .content__video')">
                                                                
                                <picture class="content__image">
                                    <source srcset="https://stiftadmont.at/wp-content/uploads/Stift_Admont_©StefanLeitner_029-1024x735.webp" type="image/webp">
                                    <source srcset="https://stiftadmont.at/wp-content/uploads/Stift_Admont_©StefanLeitner_029-1024x735.jpg" type="image/jpeg">
                                    <img decoding="async" class="content__image" loading="lazy" src="https://stiftadmont.at/wp-content/uploads/Stift_Admont_©StefanLeitner_029-1024x735.jpg" alt="Abadía de Admont ©StefanLeitner 029" width="600" height="450" />
                                </picture>

                                <span class="overlay-dark"></span>
                                <span class="content-overlay"></span>
                                <div class="content__plaque">
                                    <div class="content__plaque-inner">
                                        <span><i class="fas fa-play content__icon"></i></span>
                                        <p class="paragraph-m">Jugar</p>
                                    </div>
                                </div>
                            </a>
                        
                                    </div>
            
            </div>
</div>

</section>

<section id='lightpress__section--block_9e3d7ac84140db7e67157fcd385ab045' class='lightpress__section--default-section-space lightpress__section lightpress__section--content'><div class="content__inner"
         x-init="initContentBlockAnim($el)">
        
    <div class="content__grid content__grid">
                                            <div class="content__box content__box--one-hundred"
                 style="">
                                
                
                                            <div class="prose"><p>Esta zona ha cambiado considerablemente desde los tiempos de San Benito. Antes se dedicaba principalmente a la agricultura, pero hoy los monjes se ocupan de muchas otras tareas. Se supone que los monjes viven del trabajo de sus manos, por lo que esta edición de aniversario intenta retratar las diversas tareas de los monjes de Admont en el pasado y en la actualidad. Además de la oración y el trabajo, la lectura espiritual es una parte esencial de la vida de un monje benedictino. El monje debe dedicar cada día cierto tiempo a la lectura de las Sagradas Escrituras y de otros textos espirituales. Esta ocupación diaria debe servir de alimento para el cerebro y ayudar así al monje a desarrollar una relación aún más profunda con Cristo.<br />Además de esta gran tríada, San Benito regula muchos asuntos pequeños y a menudo aparentemente discretos, que, sin embargo, tienen un sentido más profundo dentro de la estructura más amplia de un monasterio. Para San Benito es importante que sus monjes puedan llevar una vida satisfactoria. Nadie debe estar sobrecargado, nadie debe estar en desventaja. Un monasterio debe ser un lugar de paz y buena voluntad mutua. Benito termina su regla con las palabras "Ut in omnibus glorificetur Deus" - "Para que Dios sea glorificado en todo". Esta frase subyace a todas las instrucciones que da. Todo debe hacerse para la gloria de Dios.</p>
</div>
                    
                            </div>
        
            </div>
</div>

</section>

<!-- This site is optimized with the Yoast SEO Premium plugin v26.0 (Yoast SEO v26.8) - https://yoast.com/product/yoast-seo-premium-wordpress/ -->
<title>Die Regel des Hl. Benedikt - Stift Admont</title>
<meta name="robots" content="index, follow, max-snippet:-1, max-image-preview:large, max-video-preview:-1" />
<link rel="canonical" href="https://stiftadmont.at/es/950-anos-de-la-abadia-de-admont/la-regla-de-san-benedicto/" />
<meta property="og:locale" content="es_ES" />
<meta property="og:type" content="article" />
<meta property="og:title" content="Die Regel des Hl. Benedikt" />
<meta property="og:url" content="https://stiftadmont.at/es/950-anos-de-la-abadia-de-admont/la-regla-de-san-benedicto/" />
<meta property="og:site_name" content="Stift Admont" />
<meta property="article:modified_time" content="2024-06-07T07:12:09+00:00" />
<meta property="og:image" content="https://stiftadmont.at/wp-content/uploads/Klosteranlage-innen.jpg" />
	<meta property="og:image:width" content="1912" />
	<meta property="og:image:height" content="1188" />
	<meta property="og:image:type" content="image/jpeg" />
<meta name="twitter:card" content="summary_large_image" />
<script type="application/ld+json" class="yoast-schema-graph">{"@context":"https://schema.org","@graph":[{"@type":"WebPage","@id":"https://stiftadmont.at/950-jahre-stift-admont/die-regel-des-hl-benedikt/","url":"https://stiftadmont.at/950-jahre-stift-admont/die-regel-des-hl-benedikt/","name":"Die Regel des Hl. Benedikt - Stift Admont","isPartOf":{"@id":"https://stiftadmont.at/#website"},"datePublished":"2023-12-02T16:15:09+00:00","dateModified":"2024-06-07T07:12:09+00:00","breadcrumb":{"@id":"https://stiftadmont.at/950-jahre-stift-admont/die-regel-des-hl-benedikt/#breadcrumb"},"inLanguage":"es","potentialAction":[{"@type":"ReadAction","target":["https://stiftadmont.at/950-jahre-stift-admont/die-regel-des-hl-benedikt/"]}]},{"@type":"BreadcrumbList","@id":"https://stiftadmont.at/950-jahre-stift-admont/die-regel-des-hl-benedikt/#breadcrumb","itemListElement":[{"@type":"ListItem","position":1,"name":"Start","item":"https://stiftadmont.at/"},{"@type":"ListItem","position":2,"name":"950 Jahre Stift Admont","item":"https://stiftadmont.at/950-jahre-stift-admont/"},{"@type":"ListItem","position":3,"name":"Die Regel des Hl. Benedikt"}]},{"@type":"WebSite","@id":"https://stiftadmont.at/#website","url":"https://stiftadmont.at/","name":"Stift Admont","description":"Benediktinerkloster und Sehenswürdigkeit im Gesäuse","potentialAction":[{"@type":"SearchAction","target":{"@type":"EntryPoint","urlTemplate":"https://stiftadmont.at/?s={search_term_string}"},"query-input":{"@type":"PropertyValueSpecification","valueRequired":true,"valueName":"search_term_string"}}],"inLanguage":"es"}]}</script>
<!-- / Yoast SEO Premium plugin. -->

La Regla de San Benito - Abadía de Admont

Abadía de Admont

Monasterio benedictino y atracción turística en el Gesäuse
