{"id":4759,"date":"2021-07-28T16:32:52","date_gmt":"2021-07-28T14:32:52","guid":{"rendered":"https:\/\/stiftadmont.at\/?page_id=4759"},"modified":"2026-04-07T11:01:25","modified_gmt":"2026-04-07T09:01:25","slug":"estrategia-de-recogida-2","status":"publish","type":"page","link":"https:\/\/stiftadmont.at\/es\/sammlungsstrategie-2\/","title":{"rendered":"Estrategia de recogida"},"content":{"rendered":"<section id='lightpress__section--block_96a34b2968236a33db6eb9679413b8f4' class='lightpress__section--default-section-space lightpress__section lightpress__section--content'><div class=\"content__inner\"\n         x-init=\"initContentBlockAnim($el)\">\n        \n    <div class=\"content__grid content__grid--fifty-fifty\">\n                                            <div class=\"content__box content__box\"\n                 style=\"\">\n                                \n                \n                                            <div class=\"prose\"><h2 class=\"heading-xxl line line--gold\">Colecci\u00f3n tradici\u00f3n<\/h2>\n<p class=\"paragraph-m\">La abad\u00eda benedictina de Admont cuenta con una larga tradici\u00f3n de coleccionismo en los campos de la historia natural y la historia del arte. Con la apertura del nuevo museo en 2003, ha ampliado sus actividades con vistas a dar forma y reflejar el arte contempor\u00e1neo en el futuro. La colecci\u00f3n se centra en el arte austriaco contempor\u00e1neo, su expansi\u00f3n hacia el arte internacional y la promoci\u00f3n espec\u00edfica de la producci\u00f3n art\u00edstica.<\/p>\n<\/div>\n                    \n                            <\/div>\n        \n                                                    <div class=\"content__box content__box--2\"\n                     >\n                                        \n                    \n                                                <div class=\"content__media stickyTo\" x-init=\"imageSticky($el)\">\n\n                                                                                    <picture\n                                    class=\"content__image sticky\">\n                                <source srcset=\"https:\/\/stiftadmont.at\/wp-content\/uploads\/Schwarz-Ausstellung-2020-DSC_9178-1024x683.webp\" type=\"image\/webp\">\n                                <source srcset=\"https:\/\/stiftadmont.at\/wp-content\/uploads\/Schwarz-Ausstellung-2020-DSC_9178-1024x683.jpg\" type=\"image\/jpeg\">\n                                <img decoding=\"async\" class=\"sticky\" loading=\"lazy\" src=\"https:\/\/stiftadmont.at\/wp-content\/uploads\/Schwarz-Ausstellung-2020-DSC_9178-1024x683.jpg\"\n                                     alt=\"Exposici\u00f3n negra 2020 DSC 9178 a escala\">\n\n                                                                                                                            <\/picture>\n\n                        <\/div>\n\n                                    <\/div>\n            \n            <\/div>\n<\/div>\n\n<\/section>\n\n<section id='lightpress__section--block_47346998444e703dee8dbbd693f2ea9e' class='lightpress__section--default-section-space lightpress__section lightpress__section--content'><div class=\"content__inner\"\n         x-init=\"initContentBlockAnim($el)\">\n        \n    <div class=\"content__grid content__grid\">\n                                            <div class=\"content__box content__box--one-hundred\"\n                 style=\"\">\n                                \n                \n                                            <div class=\"prose\"><h3 class=\"heading-xl line line--red text-center\">colecciones especiales<\/h3>\n<p class=\"text-center paragraph-m\">De la larga tradici\u00f3n del coleccionismo han surgido fascinantes colecciones especiales.<\/p>\n<p>\u00a0<\/p>\n<\/div>\n                    \n                            <\/div>\n        \n            <\/div>\n<\/div>\n\n<\/section>\n\n<section id='lightpress__section--block_1bce99ca2243e1ba518953499e1840ab' class='lightpress__section--more-links--legacy lightpress__section--full-width lightpress__section--default-section-space lightpress__section lightpress__section--more-links'><div class=\"more\" x-init=\"initMoreLinksBlockAnim($el)\">\n    \n                    <a class=\"more__link\" href=\"\/es\/turismo-cultural\/colecciones\/coleccion-hannes-schwarz\/\">\n            <div class=\"more__media\">\n                                    <picture class=\"more__image\">\n                        <source srcset=\"https:\/\/stiftadmont.at\/wp-content\/uploads\/046_Stift-Admont_\u00a9StefanLeitner_LEI7369-e1634722086268-1024x768.webp\" type=\"image\/webp\">\n                        <source srcset=\"https:\/\/stiftadmont.at\/wp-content\/uploads\/046_Stift-Admont_\u00a9StefanLeitner_LEI7369-e1634722086268-1024x768.jpg\" type=\"image\/jpeg\">\n                        <img decoding=\"async\" loading=\"lazy\" src=\"https:\/\/stiftadmont.at\/wp-content\/uploads\/046_Stift-Admont_\u00a9StefanLeitner_LEI7369-e1634722086268-1024x768.jpg\" alt=\"046 Abad\u00eda de Admont \u00a9StefanLeitner LEI7369 e1634722086268\" width=\"480\" height=\"280\" \/>\n                    <\/picture>\n                            <\/div>\n            <div class=\"more__content\">\n                <div class=\"more__title--container\">\n                                            <p class=\"more__title\">Colecci\u00f3n Hannes Schwarz<\/p>\n                                    <\/div>\n                            <\/div>\n        <\/a>\n                    <a class=\"more__link\" href=\"\/es\/s\/\">\n            <div class=\"more__media\">\n                                    <picture class=\"more__image\">\n                        <source srcset=\"https:\/\/stiftadmont.at\/wp-content\/uploads\/Gotik_2-1024x757.webp\" type=\"image\/webp\">\n                        <source srcset=\"https:\/\/stiftadmont.at\/wp-content\/uploads\/Gotik_2-1024x757.jpg\" type=\"image\/jpeg\">\n                        <img decoding=\"async\" loading=\"lazy\" src=\"https:\/\/stiftadmont.at\/wp-content\/uploads\/Gotik_2-1024x757.png\" alt=\"G\u00f3tico 2\" width=\"480\" height=\"280\" \/>\n                    <\/picture>\n                            <\/div>\n            <div class=\"more__content\">\n                <div class=\"more__title--container\">\n                                            <p class=\"more__title\">Colecci\u00f3n Mayer<\/p>\n                                    <\/div>\n                            <\/div>\n        <\/a>\n                    <a class=\"more__link\" href=\"\/es\/museo\/resena-de-la-exposicion\/mas-alla-de-la-vista\/\">\n            <div class=\"more__media\">\n                                    <picture class=\"more__image\">\n                        <source srcset=\"https:\/\/stiftadmont.at\/wp-content\/uploads\/PLAY-ART-.-JENSEITS-DES-SEHENS.-c-Barbara-Eisner-B-1-1024x673.webp\" type=\"image\/webp\">\n                        <source srcset=\"https:\/\/stiftadmont.at\/wp-content\/uploads\/PLAY-ART-.-JENSEITS-DES-SEHENS.-c-Barbara-Eisner-B-1-1024x673.jpg\" type=\"image\/jpeg\">\n                        <img decoding=\"async\" loading=\"lazy\" src=\"https:\/\/stiftadmont.at\/wp-content\/uploads\/PLAY-ART-.-JENSEITS-DES-SEHENS.-c-Barbara-Eisner-B-1-1024x673.jpg\"\n                             alt=\"JUGAR AL ARTE . M\u00c1S ALL\u00c1 DE VER. c Barbara Eisner B 1 a escala\" width=\"480\"\n                             height=\"280\">\n                    <\/picture>\n                            <\/div>\n            <div class=\"more__content\">\n                <div class=\"more__title--container\">\n                                            <p class=\"more__title\">M\u00e1s all\u00e1 de la vista<\/p>\n                                    <\/div>\n                            <\/div>\n        <\/a>\n    \n<\/div>\n\n<\/section>\n\n<section id='lightpress__section--block_046c8fc05a4806b15a6846a9af69b7ff' class='lightpress__section--default-section-space lightpress__section lightpress__section--content'><div class=\"content__inner\"\n         x-init=\"initContentBlockAnim($el)\">\n        \n    <div class=\"content__grid content__grid\">\n                                            <div class=\"content__box content__box--one-hundred\"\n                 style=\"\">\n                                \n                \n                                            <div class=\"prose\"><div class=\"info info--info\">\n<p>Obras de arte individuales o partes de las colecciones est\u00e1n representadas regularmente en exposiciones nacionales e internacionales.<\/p>\n<\/div>\n<\/div>\n                    \n                            <\/div>\n        \n            <\/div>\n<\/div>\n\n<\/section>","protected":false},"excerpt":{"rendered":"","protected":false},"author":7,"featured_media":0,"parent":0,"menu_order":71,"comment_status":"closed","ping_status":"closed","template":"","meta":{"_acf_changed":false,"footnotes":""},"categories":[],"class_list":["post-4759","page","type-page","status-publish","hentry"],"acf":[],"yoast_head":"<!-- This site is optimized with the Yoast SEO Premium plugin v26.0 (Yoast SEO v26.8) - https:\/\/yoast.com\/product\/yoast-seo-premium-wordpress\/ -->\n<title>Sammlungsstrategie - Stift Admont<\/title>\n<meta name=\"robots\" content=\"index, follow, max-snippet:-1, max-image-preview:large, max-video-preview:-1\" \/>\n<link rel=\"canonical\" href=\"https:\/\/stiftadmont.at\/es\/estrategia-de-recogida-2\/\" \/>\n<meta property=\"og:locale\" content=\"es_ES\" \/>\n<meta property=\"og:type\" content=\"article\" \/>\n<meta property=\"og:title\" content=\"Sammlungsstrategie\" \/>\n<meta property=\"og:url\" content=\"https:\/\/stiftadmont.at\/es\/estrategia-de-recogida-2\/\" \/>\n<meta property=\"og:site_name\" content=\"Stift Admont\" \/>\n<meta property=\"article:modified_time\" content=\"2026-04-07T09:01:25+00:00\" \/>\n<meta property=\"og:image\" content=\"https:\/\/stiftadmont.at\/wp-content\/uploads\/Klosteranlage-innen.jpg\" \/>\n\t<meta property=\"og:image:width\" content=\"1912\" \/>\n\t<meta property=\"og:image:height\" content=\"1188\" \/>\n\t<meta property=\"og:image:type\" content=\"image\/jpeg\" \/>\n<meta name=\"twitter:card\" content=\"summary_large_image\" \/>\n<script type=\"application\/ld+json\" class=\"yoast-schema-graph\">{\"@context\":\"https:\/\/schema.org\",\"@graph\":[{\"@type\":\"WebPage\",\"@id\":\"https:\/\/stiftadmont.at\/sammlungsstrategie-2\/\",\"url\":\"https:\/\/stiftadmont.at\/sammlungsstrategie-2\/\",\"name\":\"Sammlungsstrategie - Stift Admont\",\"isPartOf\":{\"@id\":\"https:\/\/stiftadmont.at\/#website\"},\"datePublished\":\"2021-07-28T14:32:52+00:00\",\"dateModified\":\"2026-04-07T09:01:25+00:00\",\"breadcrumb\":{\"@id\":\"https:\/\/stiftadmont.at\/sammlungsstrategie-2\/#breadcrumb\"},\"inLanguage\":\"es\",\"potentialAction\":[{\"@type\":\"ReadAction\",\"target\":[\"https:\/\/stiftadmont.at\/sammlungsstrategie-2\/\"]}]},{\"@type\":\"BreadcrumbList\",\"@id\":\"https:\/\/stiftadmont.at\/sammlungsstrategie-2\/#breadcrumb\",\"itemListElement\":[{\"@type\":\"ListItem\",\"position\":1,\"name\":\"Start\",\"item\":\"https:\/\/stiftadmont.at\/\"},{\"@type\":\"ListItem\",\"position\":2,\"name\":\"Sammlungsstrategie\"}]},{\"@type\":\"WebSite\",\"@id\":\"https:\/\/stiftadmont.at\/#website\",\"url\":\"https:\/\/stiftadmont.at\/\",\"name\":\"Stift Admont\",\"description\":\"Benediktinerkloster und Sehensw\u00fcrdigkeit im Ges\u00e4use\",\"potentialAction\":[{\"@type\":\"SearchAction\",\"target\":{\"@type\":\"EntryPoint\",\"urlTemplate\":\"https:\/\/stiftadmont.at\/?s={search_term_string}\"},\"query-input\":{\"@type\":\"PropertyValueSpecification\",\"valueRequired\":true,\"valueName\":\"search_term_string\"}}],\"inLanguage\":\"es\"}]}<\/script>\n<!-- \/ Yoast SEO Premium plugin. -->","yoast_head_json":{"title":"Estrategia de recogida - Abad\u00eda de Admont","robots":{"index":"index","follow":"follow","max-snippet":"max-snippet:-1","max-image-preview":"max-image-preview:large","max-video-preview":"max-video-preview:-1"},"canonical":"https:\/\/stiftadmont.at\/es\/estrategia-de-recogida-2\/","og_locale":"es_ES","og_type":"article","og_title":"Sammlungsstrategie","og_url":"https:\/\/stiftadmont.at\/es\/estrategia-de-recogida-2\/","og_site_name":"Stift Admont","article_modified_time":"2026-04-07T09:01:25+00:00","og_image":[{"width":1912,"height":1188,"url":"https:\/\/stiftadmont.at\/wp-content\/uploads\/Klosteranlage-innen.jpg","type":"image\/jpeg"}],"twitter_card":"summary_large_image","schema":{"@context":"https:\/\/schema.org","@graph":[{"@type":"WebPage","@id":"https:\/\/stiftadmont.at\/sammlungsstrategie-2\/","url":"https:\/\/stiftadmont.at\/sammlungsstrategie-2\/","name":"Estrategia de recogida - Abad\u00eda de Admont","isPartOf":{"@id":"https:\/\/stiftadmont.at\/#website"},"datePublished":"2021-07-28T14:32:52+00:00","dateModified":"2026-04-07T09:01:25+00:00","breadcrumb":{"@id":"https:\/\/stiftadmont.at\/sammlungsstrategie-2\/#breadcrumb"},"inLanguage":"es","potentialAction":[{"@type":"ReadAction","target":["https:\/\/stiftadmont.at\/sammlungsstrategie-2\/"]}]},{"@type":"BreadcrumbList","@id":"https:\/\/stiftadmont.at\/sammlungsstrategie-2\/#breadcrumb","itemListElement":[{"@type":"ListItem","position":1,"name":"Start","item":"https:\/\/stiftadmont.at\/"},{"@type":"ListItem","position":2,"name":"Sammlungsstrategie"}]},{"@type":"WebSite","@id":"https:\/\/stiftadmont.at\/#website","url":"https:\/\/stiftadmont.at\/","name":"Abad\u00eda de Admont","description":"Monasterio benedictino y atracci\u00f3n tur\u00edstica en el Ges\u00e4use","potentialAction":[{"@type":"SearchAction","target":{"@type":"EntryPoint","urlTemplate":"https:\/\/stiftadmont.at\/?s={search_term_string}"},"query-input":{"@type":"PropertyValueSpecification","valueRequired":true,"valueName":"search_term_string"}}],"inLanguage":"es"}]}},"_links":{"self":[{"href":"https:\/\/stiftadmont.at\/es\/wp-json\/wp\/v2\/pages\/4759","targetHints":{"allow":["GET"]}}],"collection":[{"href":"https:\/\/stiftadmont.at\/es\/wp-json\/wp\/v2\/pages"}],"about":[{"href":"https:\/\/stiftadmont.at\/es\/wp-json\/wp\/v2\/types\/page"}],"author":[{"embeddable":true,"href":"https:\/\/stiftadmont.at\/es\/wp-json\/wp\/v2\/users\/7"}],"replies":[{"embeddable":true,"href":"https:\/\/stiftadmont.at\/es\/wp-json\/wp\/v2\/comments?post=4759"}],"version-history":[{"count":16,"href":"https:\/\/stiftadmont.at\/es\/wp-json\/wp\/v2\/pages\/4759\/revisions"}],"predecessor-version":[{"id":40890,"href":"https:\/\/stiftadmont.at\/es\/wp-json\/wp\/v2\/pages\/4759\/revisions\/40890"}],"wp:attachment":[{"href":"https:\/\/stiftadmont.at\/es\/wp-json\/wp\/v2\/media?parent=4759"}],"wp:term":[{"taxonomy":"category","embeddable":true,"href":"https:\/\/stiftadmont.at\/es\/wp-json\/wp\/v2\/categories?post=4759"}],"curies":[{"name":"wp","href":"https:\/\/api.w.org\/{rel}","templated":true}]}}

<section id='lightpress__section--block_96a34b2968236a33db6eb9679413b8f4' class='lightpress__section--default-section-space lightpress__section lightpress__section--content'><div class="content__inner"
         x-init="initContentBlockAnim($el)">
        
    <div class="content__grid content__grid--fifty-fifty">
                                            <div class="content__box content__box"
                 style="">
                                
                
                                            <div class="prose"><h2 class="heading-xxl line line--gold">Colección tradición</h2>
<p class="paragraph-m">La abadía benedictina de Admont cuenta con una larga tradición de coleccionismo en los campos de la historia natural y la historia del arte. Con la apertura del nuevo museo en 2003, ha ampliado sus actividades con vistas a dar forma y reflejar el arte contemporáneo en el futuro. La colección se centra en el arte austriaco contemporáneo, su expansión hacia el arte internacional y la promoción específica de la producción artística.</p>
</div>
                    
                            </div>
        
                                                    <div class="content__box content__box--2"
                     >
                                        
                    
                                                <div class="content__media stickyTo" x-init="imageSticky($el)">

                                                                                    <picture
                                    class="content__image sticky">
                                <source srcset="https://stiftadmont.at/wp-content/uploads/Schwarz-Ausstellung-2020-DSC_9178-1024x683.webp" type="image/webp">
                                <source srcset="https://stiftadmont.at/wp-content/uploads/Schwarz-Ausstellung-2020-DSC_9178-1024x683.jpg" type="image/jpeg">
                                <img decoding="async" class="sticky" loading="lazy" src="https://stiftadmont.at/wp-content/uploads/Schwarz-Ausstellung-2020-DSC_9178-1024x683.jpg"
                                     alt="Exposición negra 2020 DSC 9178 a escala">

                                                                                                                            </picture>

                        </div>

                                    </div>
            
            </div>
</div>

</section>

<section id='lightpress__section--block_47346998444e703dee8dbbd693f2ea9e' class='lightpress__section--default-section-space lightpress__section lightpress__section--content'><div class="content__inner"
         x-init="initContentBlockAnim($el)">
        
    <div class="content__grid content__grid">
                                            <div class="content__box content__box--one-hundred"
                 style="">
                                
                
                                            <div class="prose"><h3 class="heading-xl line line--red text-center">colecciones especiales</h3>
<p class="text-center paragraph-m">De la larga tradición del coleccionismo han surgido fascinantes colecciones especiales.</p>
<p> </p>
</div>
                    
                            </div>
        
            </div>
</div>

</section>

<section id='lightpress__section--block_1bce99ca2243e1ba518953499e1840ab' class='lightpress__section--more-links--legacy lightpress__section--full-width lightpress__section--default-section-space lightpress__section lightpress__section--more-links'><div class="more" x-init="initMoreLinksBlockAnim($el)">
    
                    <a class="more__link" href="/es/turismo-cultural/colecciones/coleccion-hannes-schwarz/">
            <div class="more__media">
                                    <picture class="more__image">
                        <source srcset="https://stiftadmont.at/wp-content/uploads/046_Stift-Admont_©StefanLeitner_LEI7369-e1634722086268-1024x768.webp" type="image/webp">
                        <source srcset="https://stiftadmont.at/wp-content/uploads/046_Stift-Admont_©StefanLeitner_LEI7369-e1634722086268-1024x768.jpg" type="image/jpeg">
                        <img decoding="async" loading="lazy" src="https://stiftadmont.at/wp-content/uploads/046_Stift-Admont_©StefanLeitner_LEI7369-e1634722086268-1024x768.jpg" alt="046 Abadía de Admont ©StefanLeitner LEI7369 e1634722086268" width="480" height="280" />
                    </picture>
                            </div>
            <div class="more__content">
                <div class="more__title--container">
                                            <p class="more__title">Colección Hannes Schwarz</p>
                                    </div>
                            </div>
        </a>
                    <a class="more__link" href="/es/s/">
            <div class="more__media">
                                    <picture class="more__image">
                        <source srcset="https://stiftadmont.at/wp-content/uploads/Gotik_2-1024x757.webp" type="image/webp">
                        <source srcset="https://stiftadmont.at/wp-content/uploads/Gotik_2-1024x757.jpg" type="image/jpeg">
                        <img decoding="async" loading="lazy" src="https://stiftadmont.at/wp-content/uploads/Gotik_2-1024x757.png" alt="Gótico 2" width="480" height="280" />
                    </picture>
                            </div>
            <div class="more__content">
                <div class="more__title--container">
                                            <p class="more__title">Colección Mayer</p>
                                    </div>
                            </div>
        </a>
                    <a class="more__link" href="/es/museo/resena-de-la-exposicion/mas-alla-de-la-vista/">
            <div class="more__media">
                                    <picture class="more__image">
                        <source srcset="https://stiftadmont.at/wp-content/uploads/PLAY-ART-.-JENSEITS-DES-SEHENS.-c-Barbara-Eisner-B-1-1024x673.webp" type="image/webp">
                        <source srcset="https://stiftadmont.at/wp-content/uploads/PLAY-ART-.-JENSEITS-DES-SEHENS.-c-Barbara-Eisner-B-1-1024x673.jpg" type="image/jpeg">
                        <img decoding="async" loading="lazy" src="https://stiftadmont.at/wp-content/uploads/PLAY-ART-.-JENSEITS-DES-SEHENS.-c-Barbara-Eisner-B-1-1024x673.jpg"
                             alt="JUGAR AL ARTE . MÁS ALLÁ DE VER. c Barbara Eisner B 1 a escala" width="480"
                             height="280">
                    </picture>
                            </div>
            <div class="more__content">
                <div class="more__title--container">
                                            <p class="more__title">Más allá de la vista</p>
                                    </div>
                            </div>
        </a>
    
</div>

</section>

<section id='lightpress__section--block_046c8fc05a4806b15a6846a9af69b7ff' class='lightpress__section--default-section-space lightpress__section lightpress__section--content'><div class="content__inner"
         x-init="initContentBlockAnim($el)">
        
    <div class="content__grid content__grid">
                                            <div class="content__box content__box--one-hundred"
                 style="">
                                
                
                                            <div class="prose"><div class="info info--info">
<p>Obras de arte individuales o partes de las colecciones están representadas regularmente en exposiciones nacionales e internacionales.</p>
</div>
</div>
                    
                            </div>
        
            </div>
</div>

</section>

<!-- This site is optimized with the Yoast SEO Premium plugin v26.0 (Yoast SEO v26.8) - https://yoast.com/product/yoast-seo-premium-wordpress/ -->
<title>Sammlungsstrategie - Stift Admont</title>
<meta name="robots" content="index, follow, max-snippet:-1, max-image-preview:large, max-video-preview:-1" />
<link rel="canonical" href="https://stiftadmont.at/es/estrategia-de-recogida-2/" />
<meta property="og:locale" content="es_ES" />
<meta property="og:type" content="article" />
<meta property="og:title" content="Sammlungsstrategie" />
<meta property="og:url" content="https://stiftadmont.at/es/estrategia-de-recogida-2/" />
<meta property="og:site_name" content="Stift Admont" />
<meta property="article:modified_time" content="2026-04-07T09:01:25+00:00" />
<meta property="og:image" content="https://stiftadmont.at/wp-content/uploads/Klosteranlage-innen.jpg" />
	<meta property="og:image:width" content="1912" />
	<meta property="og:image:height" content="1188" />
	<meta property="og:image:type" content="image/jpeg" />
<meta name="twitter:card" content="summary_large_image" />
<script type="application/ld+json" class="yoast-schema-graph">{"@context":"https://schema.org","@graph":[{"@type":"WebPage","@id":"https://stiftadmont.at/sammlungsstrategie-2/","url":"https://stiftadmont.at/sammlungsstrategie-2/","name":"Sammlungsstrategie - Stift Admont","isPartOf":{"@id":"https://stiftadmont.at/#website"},"datePublished":"2021-07-28T14:32:52+00:00","dateModified":"2026-04-07T09:01:25+00:00","breadcrumb":{"@id":"https://stiftadmont.at/sammlungsstrategie-2/#breadcrumb"},"inLanguage":"es","potentialAction":[{"@type":"ReadAction","target":["https://stiftadmont.at/sammlungsstrategie-2/"]}]},{"@type":"BreadcrumbList","@id":"https://stiftadmont.at/sammlungsstrategie-2/#breadcrumb","itemListElement":[{"@type":"ListItem","position":1,"name":"Start","item":"https://stiftadmont.at/"},{"@type":"ListItem","position":2,"name":"Sammlungsstrategie"}]},{"@type":"WebSite","@id":"https://stiftadmont.at/#website","url":"https://stiftadmont.at/","name":"Stift Admont","description":"Benediktinerkloster und Sehenswürdigkeit im Gesäuse","potentialAction":[{"@type":"SearchAction","target":{"@type":"EntryPoint","urlTemplate":"https://stiftadmont.at/?s={search_term_string}"},"query-input":{"@type":"PropertyValueSpecification","valueRequired":true,"valueName":"search_term_string"}}],"inLanguage":"es"}]}</script>
<!-- / Yoast SEO Premium plugin. -->

Estrategia de recogida - Abadía de Admont

Abadía de Admont

Monasterio benedictino y atracción turística en el Gesäuse
