{"id":18838,"date":"2023-11-29T10:49:41","date_gmt":"2023-11-29T08:49:41","guid":{"rendered":"https:\/\/stiftadmont.at\/?post_type=event&#038;p=18838"},"modified":"2024-08-02T11:11:17","modified_gmt":"2024-08-02T09:11:17","slug":"consecration-de-leglise-abbatiale-2024-ordination-diaconale-de-fr-petrus","status":"publish","type":"event","link":"https:\/\/stiftadmont.at\/fr\/veranstaltungen\/kirchweihfest-der-abteikirche-2024-diakonweihe-fr-petrus\/","title":{"rendered":"Cons\u00e9cration de l'\u00e9glise abbatiale en 2024 (ordinations diaconales de frater Josef &amp; frater Petrus)"},"excerpt":{"rendered":"","protected":false},"featured_media":12925,"template":"","meta":{"_acf_changed":false},"event_tags":[8],"event_locations":[7],"class_list":["post-18838","event","type-event","status-publish","has-post-thumbnail","hentry","event_tags-heilige-messe","event_locations-stiftskirche-admont"],"acf":[],"yoast_head":"<!-- This site is optimized with the Yoast SEO Premium plugin v26.0 (Yoast SEO v26.8) - https:\/\/yoast.com\/product\/yoast-seo-premium-wordpress\/ -->\n<title>Kirchweihfest der Abteikirche 2024 (Diakonenweihen frater Josef &amp; frater Petrus) - Stift Admont am<\/title>\n<meta name=\"description\" content=\"Aktuelles aus dem Kloster, zur Veranstaltung Kirchweihfest der Abteikirche 2024 (Diakonenweihen frater Josef &amp; frater Petrus) und vieles mehr gibt es laufend hier zu finden. Datum: 20240929\" \/>\n<meta name=\"robots\" content=\"index, follow, max-snippet:-1, max-image-preview:large, max-video-preview:-1\" \/>\n<link rel=\"canonical\" href=\"https:\/\/stiftadmont.at\/fr\/evenements\/consecration-de-leglise-abbatiale-2024-ordination-diaconale-de-fr-petrus\/\" \/>\n<meta property=\"og:locale\" content=\"fr_FR\" \/>\n<meta property=\"og:type\" content=\"article\" \/>\n<meta property=\"og:title\" content=\"Kirchweihfest der Abteikirche 2024 (Diakonenweihen frater Josef &amp; frater Petrus)\" \/>\n<meta property=\"og:description\" content=\"Aktuelles aus dem Kloster, zur Veranstaltung Kirchweihfest der Abteikirche 2024 (Diakonenweihen frater Josef &amp; frater Petrus) und vieles mehr gibt es laufend hier zu finden. Datum: 20240929\" \/>\n<meta property=\"og:url\" content=\"https:\/\/stiftadmont.at\/fr\/evenements\/consecration-de-leglise-abbatiale-2024-ordination-diaconale-de-fr-petrus\/\" \/>\n<meta property=\"og:site_name\" content=\"Stift Admont\" \/>\n<meta property=\"article:modified_time\" content=\"2024-08-02T09:11:17+00:00\" \/>\n<meta property=\"og:image\" content=\"https:\/\/stiftadmont.at\/wp-content\/uploads\/Stiftskirche-Admont-3-e1657193588735.jpg\" \/>\n\t<meta property=\"og:image:width\" content=\"852\" \/>\n\t<meta property=\"og:image:height\" content=\"1043\" \/>\n\t<meta property=\"og:image:type\" content=\"image\/jpeg\" \/>\n<meta name=\"twitter:card\" content=\"summary_large_image\" \/>\n<meta name=\"twitter:label1\" content=\"Dur\u00e9e de lecture estim\u00e9e\" \/>\n\t<meta name=\"twitter:data1\" content=\"1 minute\" \/>\n<script type=\"application\/ld+json\" class=\"yoast-schema-graph\">{\"@context\":\"https:\/\/schema.org\",\"@graph\":[{\"@type\":\"WebPage\",\"@id\":\"https:\/\/stiftadmont.at\/veranstaltungen\/kirchweihfest-der-abteikirche-2024-diakonweihe-fr-petrus\/\",\"url\":\"https:\/\/stiftadmont.at\/veranstaltungen\/kirchweihfest-der-abteikirche-2024-diakonweihe-fr-petrus\/\",\"name\":\"Kirchweihfest der Abteikirche 2024 (Diakonenweihen frater Josef & frater Petrus) - Stift Admont am\",\"isPartOf\":{\"@id\":\"https:\/\/stiftadmont.at\/#website\"},\"primaryImageOfPage\":{\"@id\":\"https:\/\/stiftadmont.at\/veranstaltungen\/kirchweihfest-der-abteikirche-2024-diakonweihe-fr-petrus\/#primaryimage\"},\"image\":{\"@id\":\"https:\/\/stiftadmont.at\/veranstaltungen\/kirchweihfest-der-abteikirche-2024-diakonweihe-fr-petrus\/#primaryimage\"},\"thumbnailUrl\":\"https:\/\/stiftadmont.at\/wp-content\/uploads\/Stiftskirche-Admont-3-e1657193588735.jpg\",\"datePublished\":\"2023-11-29T08:49:41+00:00\",\"dateModified\":\"2024-08-02T09:11:17+00:00\",\"description\":\"Aktuelles aus dem Kloster, zur Veranstaltung Kirchweihfest der Abteikirche 2024 (Diakonenweihen frater Josef & frater Petrus) und vieles mehr gibt es laufend hier zu finden. Datum: 20240929\",\"breadcrumb\":{\"@id\":\"https:\/\/stiftadmont.at\/veranstaltungen\/kirchweihfest-der-abteikirche-2024-diakonweihe-fr-petrus\/#breadcrumb\"},\"inLanguage\":\"fr-FR\",\"potentialAction\":[{\"@type\":\"ReadAction\",\"target\":[\"https:\/\/stiftadmont.at\/veranstaltungen\/kirchweihfest-der-abteikirche-2024-diakonweihe-fr-petrus\/\"]}]},{\"@type\":\"ImageObject\",\"inLanguage\":\"fr-FR\",\"@id\":\"https:\/\/stiftadmont.at\/veranstaltungen\/kirchweihfest-der-abteikirche-2024-diakonweihe-fr-petrus\/#primaryimage\",\"url\":\"https:\/\/stiftadmont.at\/wp-content\/uploads\/Stiftskirche-Admont-3-e1657193588735.jpg\",\"contentUrl\":\"https:\/\/stiftadmont.at\/wp-content\/uploads\/Stiftskirche-Admont-3-e1657193588735.jpg\",\"width\":852,\"height\":1043,\"caption\":\"Stiftskirche Admont \u00a9 Thomas Sattler\"},{\"@type\":\"BreadcrumbList\",\"@id\":\"https:\/\/stiftadmont.at\/veranstaltungen\/kirchweihfest-der-abteikirche-2024-diakonweihe-fr-petrus\/#breadcrumb\",\"itemListElement\":[{\"@type\":\"ListItem\",\"position\":1,\"name\":\"Start\",\"item\":\"https:\/\/stiftadmont.at\/\"},{\"@type\":\"ListItem\",\"position\":2,\"name\":\"Veranstaltungen\",\"item\":\"https:\/\/stiftadmont.at\/veranstaltungen\/\"},{\"@type\":\"ListItem\",\"position\":3,\"name\":\"Heilige Messe\",\"item\":\"https:\/\/stiftadmont.at\/en\/veranstaltungen\/category\/heilige-messe\/\"},{\"@type\":\"ListItem\",\"position\":4,\"name\":\"Kirchweihfest der Abteikirche 2024 (Diakonenweihen frater Josef &#038; frater Petrus)\"}]},{\"@type\":\"WebSite\",\"@id\":\"https:\/\/stiftadmont.at\/#website\",\"url\":\"https:\/\/stiftadmont.at\/\",\"name\":\"Stift Admont\",\"description\":\"Benediktinerkloster und Sehensw\u00fcrdigkeit im Ges\u00e4use\",\"potentialAction\":[{\"@type\":\"SearchAction\",\"target\":{\"@type\":\"EntryPoint\",\"urlTemplate\":\"https:\/\/stiftadmont.at\/?s={search_term_string}\"},\"query-input\":{\"@type\":\"PropertyValueSpecification\",\"valueRequired\":true,\"valueName\":\"search_term_string\"}}],\"inLanguage\":\"fr-FR\"}]}<\/script>\n<!-- \/ Yoast SEO Premium plugin. -->","yoast_head_json":{"title":"F\u00eate de cons\u00e9cration de l'\u00e9glise abbatiale 2024 (ordinations diaconales de frater Josef &amp; frater Petrus) - Stift Admont le","description":"Les actualit\u00e9s du monast\u00e8re, de l'\u00e9v\u00e9nement de la cons\u00e9cration de l'\u00e9glise abbatiale en 2024 (ordinations diaconales de frater Josef et frater Petrus) et bien d'autres choses encore sont r\u00e9guli\u00e8rement publi\u00e9es ici. Date : 20240929","robots":{"index":"index","follow":"follow","max-snippet":"max-snippet:-1","max-image-preview":"max-image-preview:large","max-video-preview":"max-video-preview:-1"},"canonical":"https:\/\/stiftadmont.at\/fr\/evenements\/consecration-de-leglise-abbatiale-2024-ordination-diaconale-de-fr-petrus\/","og_locale":"fr_FR","og_type":"article","og_title":"Kirchweihfest der Abteikirche 2024 (Diakonenweihen frater Josef & frater Petrus)","og_description":"Aktuelles aus dem Kloster, zur Veranstaltung Kirchweihfest der Abteikirche 2024 (Diakonenweihen frater Josef & frater Petrus) und vieles mehr gibt es laufend hier zu finden. Datum: 20240929","og_url":"https:\/\/stiftadmont.at\/fr\/evenements\/consecration-de-leglise-abbatiale-2024-ordination-diaconale-de-fr-petrus\/","og_site_name":"Stift Admont","article_modified_time":"2024-08-02T09:11:17+00:00","og_image":[{"width":852,"height":1043,"url":"https:\/\/stiftadmont.at\/wp-content\/uploads\/Stiftskirche-Admont-3-e1657193588735.jpg","type":"image\/jpeg"}],"twitter_card":"summary_large_image","twitter_misc":{"Dur\u00e9e de lecture estim\u00e9e":"1 minute"},"schema":{"@context":"https:\/\/schema.org","@graph":[{"@type":"WebPage","@id":"https:\/\/stiftadmont.at\/veranstaltungen\/kirchweihfest-der-abteikirche-2024-diakonweihe-fr-petrus\/","url":"https:\/\/stiftadmont.at\/veranstaltungen\/kirchweihfest-der-abteikirche-2024-diakonweihe-fr-petrus\/","name":"F\u00eate de cons\u00e9cration de l'\u00e9glise abbatiale 2024 (ordinations diaconales de frater Josef &amp; frater Petrus) - Stift Admont le","isPartOf":{"@id":"https:\/\/stiftadmont.at\/#website"},"primaryImageOfPage":{"@id":"https:\/\/stiftadmont.at\/veranstaltungen\/kirchweihfest-der-abteikirche-2024-diakonweihe-fr-petrus\/#primaryimage"},"image":{"@id":"https:\/\/stiftadmont.at\/veranstaltungen\/kirchweihfest-der-abteikirche-2024-diakonweihe-fr-petrus\/#primaryimage"},"thumbnailUrl":"https:\/\/stiftadmont.at\/wp-content\/uploads\/Stiftskirche-Admont-3-e1657193588735.jpg","datePublished":"2023-11-29T08:49:41+00:00","dateModified":"2024-08-02T09:11:17+00:00","description":"Les actualit\u00e9s du monast\u00e8re, de l'\u00e9v\u00e9nement de la cons\u00e9cration de l'\u00e9glise abbatiale en 2024 (ordinations diaconales de frater Josef et frater Petrus) et bien d'autres choses encore sont r\u00e9guli\u00e8rement publi\u00e9es ici. Date : 20240929","breadcrumb":{"@id":"https:\/\/stiftadmont.at\/veranstaltungen\/kirchweihfest-der-abteikirche-2024-diakonweihe-fr-petrus\/#breadcrumb"},"inLanguage":"fr-FR","potentialAction":[{"@type":"ReadAction","target":["https:\/\/stiftadmont.at\/veranstaltungen\/kirchweihfest-der-abteikirche-2024-diakonweihe-fr-petrus\/"]}]},{"@type":"ImageObject","inLanguage":"fr-FR","@id":"https:\/\/stiftadmont.at\/veranstaltungen\/kirchweihfest-der-abteikirche-2024-diakonweihe-fr-petrus\/#primaryimage","url":"https:\/\/stiftadmont.at\/wp-content\/uploads\/Stiftskirche-Admont-3-e1657193588735.jpg","contentUrl":"https:\/\/stiftadmont.at\/wp-content\/uploads\/Stiftskirche-Admont-3-e1657193588735.jpg","width":852,"height":1043,"caption":"Stiftskirche Admont \u00a9 Thomas Sattler"},{"@type":"BreadcrumbList","@id":"https:\/\/stiftadmont.at\/veranstaltungen\/kirchweihfest-der-abteikirche-2024-diakonweihe-fr-petrus\/#breadcrumb","itemListElement":[{"@type":"ListItem","position":1,"name":"Start","item":"https:\/\/stiftadmont.at\/"},{"@type":"ListItem","position":2,"name":"Veranstaltungen","item":"https:\/\/stiftadmont.at\/veranstaltungen\/"},{"@type":"ListItem","position":3,"name":"Heilige Messe","item":"https:\/\/stiftadmont.at\/en\/veranstaltungen\/category\/heilige-messe\/"},{"@type":"ListItem","position":4,"name":"Kirchweihfest der Abteikirche 2024 (Diakonenweihen frater Josef &#038; frater Petrus)"}]},{"@type":"WebSite","@id":"https:\/\/stiftadmont.at\/#website","url":"https:\/\/stiftadmont.at\/","name":"Abbaye d'Admont","description":"Monast\u00e8re b\u00e9n\u00e9dictin et attraction touristique dans le Ges\u00e4use","potentialAction":[{"@type":"SearchAction","target":{"@type":"EntryPoint","urlTemplate":"https:\/\/stiftadmont.at\/?s={search_term_string}"},"query-input":{"@type":"PropertyValueSpecification","valueRequired":true,"valueName":"search_term_string"}}],"inLanguage":"fr-FR"}]}},"_links":{"self":[{"href":"https:\/\/stiftadmont.at\/fr\/wp-json\/wp\/v2\/event\/18838","targetHints":{"allow":["GET"]}}],"collection":[{"href":"https:\/\/stiftadmont.at\/fr\/wp-json\/wp\/v2\/event"}],"about":[{"href":"https:\/\/stiftadmont.at\/fr\/wp-json\/wp\/v2\/types\/event"}],"wp:featuredmedia":[{"embeddable":true,"href":"https:\/\/stiftadmont.at\/fr\/wp-json\/wp\/v2\/media\/12925"}],"wp:attachment":[{"href":"https:\/\/stiftadmont.at\/fr\/wp-json\/wp\/v2\/media?parent=18838"}],"wp:term":[{"taxonomy":"event_tags","embeddable":true,"href":"https:\/\/stiftadmont.at\/fr\/wp-json\/wp\/v2\/event_tags?post=18838"},{"taxonomy":"event_locations","embeddable":true,"href":"https:\/\/stiftadmont.at\/fr\/wp-json\/wp\/v2\/event_locations?post=18838"}],"curies":[{"name":"wp","href":"https:\/\/api.w.org\/{rel}","templated":true}]}}

Consécration de l'église abbatiale en 2024 (ordinations diaconales de frater Josef &amp; frater Petrus)

<!-- This site is optimized with the Yoast SEO Premium plugin v26.0 (Yoast SEO v26.8) - https://yoast.com/product/yoast-seo-premium-wordpress/ -->
<title>Kirchweihfest der Abteikirche 2024 (Diakonenweihen frater Josef &amp; frater Petrus) - Stift Admont am</title>
<meta name="description" content="Aktuelles aus dem Kloster, zur Veranstaltung Kirchweihfest der Abteikirche 2024 (Diakonenweihen frater Josef &amp; frater Petrus) und vieles mehr gibt es laufend hier zu finden. Datum: 20240929" />
<meta name="robots" content="index, follow, max-snippet:-1, max-image-preview:large, max-video-preview:-1" />
<link rel="canonical" href="https://stiftadmont.at/fr/evenements/consecration-de-leglise-abbatiale-2024-ordination-diaconale-de-fr-petrus/" />
<meta property="og:locale" content="fr_FR" />
<meta property="og:type" content="article" />
<meta property="og:title" content="Kirchweihfest der Abteikirche 2024 (Diakonenweihen frater Josef &amp; frater Petrus)" />
<meta property="og:description" content="Aktuelles aus dem Kloster, zur Veranstaltung Kirchweihfest der Abteikirche 2024 (Diakonenweihen frater Josef &amp; frater Petrus) und vieles mehr gibt es laufend hier zu finden. Datum: 20240929" />
<meta property="og:url" content="https://stiftadmont.at/fr/evenements/consecration-de-leglise-abbatiale-2024-ordination-diaconale-de-fr-petrus/" />
<meta property="og:site_name" content="Stift Admont" />
<meta property="article:modified_time" content="2024-08-02T09:11:17+00:00" />
<meta property="og:image" content="https://stiftadmont.at/wp-content/uploads/Stiftskirche-Admont-3-e1657193588735.jpg" />
	<meta property="og:image:width" content="852" />
	<meta property="og:image:height" content="1043" />
	<meta property="og:image:type" content="image/jpeg" />
<meta name="twitter:card" content="summary_large_image" />
<meta name="twitter:label1" content="Durée de lecture estimée" />
	<meta name="twitter:data1" content="1 minute" />
<script type="application/ld+json" class="yoast-schema-graph">{"@context":"https://schema.org","@graph":[{"@type":"WebPage","@id":"https://stiftadmont.at/veranstaltungen/kirchweihfest-der-abteikirche-2024-diakonweihe-fr-petrus/","url":"https://stiftadmont.at/veranstaltungen/kirchweihfest-der-abteikirche-2024-diakonweihe-fr-petrus/","name":"Kirchweihfest der Abteikirche 2024 (Diakonenweihen frater Josef & frater Petrus) - Stift Admont am","isPartOf":{"@id":"https://stiftadmont.at/#website"},"primaryImageOfPage":{"@id":"https://stiftadmont.at/veranstaltungen/kirchweihfest-der-abteikirche-2024-diakonweihe-fr-petrus/#primaryimage"},"image":{"@id":"https://stiftadmont.at/veranstaltungen/kirchweihfest-der-abteikirche-2024-diakonweihe-fr-petrus/#primaryimage"},"thumbnailUrl":"https://stiftadmont.at/wp-content/uploads/Stiftskirche-Admont-3-e1657193588735.jpg","datePublished":"2023-11-29T08:49:41+00:00","dateModified":"2024-08-02T09:11:17+00:00","description":"Aktuelles aus dem Kloster, zur Veranstaltung Kirchweihfest der Abteikirche 2024 (Diakonenweihen frater Josef & frater Petrus) und vieles mehr gibt es laufend hier zu finden. Datum: 20240929","breadcrumb":{"@id":"https://stiftadmont.at/veranstaltungen/kirchweihfest-der-abteikirche-2024-diakonweihe-fr-petrus/#breadcrumb"},"inLanguage":"fr-FR","potentialAction":[{"@type":"ReadAction","target":["https://stiftadmont.at/veranstaltungen/kirchweihfest-der-abteikirche-2024-diakonweihe-fr-petrus/"]}]},{"@type":"ImageObject","inLanguage":"fr-FR","@id":"https://stiftadmont.at/veranstaltungen/kirchweihfest-der-abteikirche-2024-diakonweihe-fr-petrus/#primaryimage","url":"https://stiftadmont.at/wp-content/uploads/Stiftskirche-Admont-3-e1657193588735.jpg","contentUrl":"https://stiftadmont.at/wp-content/uploads/Stiftskirche-Admont-3-e1657193588735.jpg","width":852,"height":1043,"caption":"Stiftskirche Admont © Thomas Sattler"},{"@type":"BreadcrumbList","@id":"https://stiftadmont.at/veranstaltungen/kirchweihfest-der-abteikirche-2024-diakonweihe-fr-petrus/#breadcrumb","itemListElement":[{"@type":"ListItem","position":1,"name":"Start","item":"https://stiftadmont.at/"},{"@type":"ListItem","position":2,"name":"Veranstaltungen","item":"https://stiftadmont.at/veranstaltungen/"},{"@type":"ListItem","position":3,"name":"Heilige Messe","item":"https://stiftadmont.at/en/veranstaltungen/category/heilige-messe/"},{"@type":"ListItem","position":4,"name":"Kirchweihfest der Abteikirche 2024 (Diakonenweihen frater Josef &#038; frater Petrus)"}]},{"@type":"WebSite","@id":"https://stiftadmont.at/#website","url":"https://stiftadmont.at/","name":"Stift Admont","description":"Benediktinerkloster und Sehenswürdigkeit im Gesäuse","potentialAction":[{"@type":"SearchAction","target":{"@type":"EntryPoint","urlTemplate":"https://stiftadmont.at/?s={search_term_string}"},"query-input":{"@type":"PropertyValueSpecification","valueRequired":true,"valueName":"search_term_string"}}],"inLanguage":"fr-FR"}]}</script>
<!-- / Yoast SEO Premium plugin. -->

Fête de consécration de l'église abbatiale 2024 (ordinations diaconales de frater Josef &amp; frater Petrus) - Stift Admont le

Les actualités du monastère, de l'événement de la consécration de l'église abbatiale en 2024 (ordinations diaconales de frater Josef et frater Petrus) et bien d'autres choses encore sont régulièrement publiées ici. Date : 20240929

Monastère bénédictin et attraction touristique dans le Gesäuse
