{"id":21342,"date":"2023-10-06T09:32:03","date_gmt":"2023-10-06T07:32:03","guid":{"rendered":"https:\/\/stiftadmont.at\/?page_id=21342"},"modified":"2025-02-12T09:29:03","modified_gmt":"2025-02-12T07:29:03","slug":"projet-leader","status":"publish","type":"page","link":"https:\/\/stiftadmont.at\/fr\/advent-im-stift-admont\/leader-projekt\/","title":{"rendered":"Projet Leader"},"content":{"rendered":"<section id='lightpress__section--block_7c7d402bd602dadda65a9a8b4bddcba2' class='lightpress__section--default-section-space lightpress__section lightpress__section--content'><div class=\"content__inner\"\n         x-init=\"initContentBlockAnim($el)\">\n        \n    <div class=\"content__grid content__grid--fifty-fifty\">\n                                            <div class=\"content__box content__box\"\n                 style=\"\">\n                                \n                \n                                            <div class=\"prose\"><h5 class=\"heading-m line line-above line--gold\">... No\u00ebl approche \u00e0 grands pas... ! Vitrines, guirlandes lumineuses, illuminations festives, ...\u00a0<\/h5>\n<p>\u00a0<\/p>\n<p class=\"paragraph-m\">Mais alors que de nombreux adultes ont vite tendance \u00e0 d\u00e9nigrer cette p\u00e9riode festive de fin d'ann\u00e9e en la consid\u00e9rant comme un \u00e9v\u00e9nement commercial et \u00e0 g\u00e9mir en ce qui concerne l'achat de cadeaux, les repas de f\u00eate et le stress familial, la p\u00e9riode de No\u00ebl est et reste une exp\u00e9rience magique, surtout pour les enfants.<\/p>\n<p>\u00a0<\/p>\n<p class=\"paragraph-m\">Les march\u00e9s de l'Avent, les calendriers de l'Avent, les biscuits, les d\u00e9corations de No\u00ebl - et bien s\u00fbr l'attente de nombreux beaux cadeaux - font battre le c\u0153ur des petits.<\/p>\n<p class=\"paragraph-m\">Dans le cadre du march\u00e9 de l'Avent \u00e0 l'abbaye d'Admont, on veut montrer aux enfants que derri\u00e8re la f\u00eate de No\u00ebl, il n'y a pas que des vitrines scintillantes, des cadeaux et des friandises, mais on veut aussi expliquer les symboliques et le contexte de cette f\u00eate solennelle : Mais que signifient au juste No\u00ebl et l'Avent ? Pourquoi cette p\u00e9riode est-elle si importante pour les enfants ? Et qui sont l'Enfant J\u00e9sus, Saint Nicolas, le P\u00e8re Fouettard et le P\u00e8re No\u00ebl ?<\/p>\n<p class=\"paragraph-m\">\u00c0 une \u00e9poque o\u00f9 l'on ne soulignera jamais assez la tol\u00e9rance et l'ouverture \u00e0 l'\u00e9gard des autres religions, la p\u00e9riode de No\u00ebl est aussi une belle occasion de faire conna\u00eetre ses propres traditions, coutumes et cultures - ainsi que celles des autres ! L'Avent \u00e0 l'abbaye d'Admont offre une bonne occasion pour cela et doit permettre aux visiteurs de d\u00e9couvrir quelques aspects essentiels des traditions et des coutumes.<\/p>\n<p>\u00a0<\/p>\n<p class=\"paragraph-m\">L'Avent \u00e0 l'abbaye d'Admont existe d\u00e9j\u00e0 depuis pr\u00e8s de 20 ans et n'a cess\u00e9 de se d\u00e9velopper et de s'\u00e9tendre au fil des ans. Entre-temps, l'\u00e9v\u00e9nement s'est \u00e9tabli comme une attraction touristique et culturelle. Chaque ann\u00e9e, de plus en plus de visiteurs se rendent \u00e0 cette manifestation, car outre les habitants de la r\u00e9gion, de nombreux touristes sont \u00e9galement s\u00e9duits par ce march\u00e9 de l'Avent, l'ambiance d'avant No\u00ebl et le vaste programme d'accompagnement (notamment pour les enfants).\u00a0<\/p>\n<p>\u00a0<\/p>\n<\/div>\n                    \n                            <\/div>\n        \n                                                    <div class=\"content__box content__box--2\"\n                     >\n                                        \n                    \n                                                <div class=\"content__media stickyTo\" x-init=\"imageSticky($el)\">\n\n                                                                                    <picture\n                                    class=\"content__image sticky\">\n                                <source srcset=\"https:\/\/stiftadmont.at\/wp-content\/uploads\/36_Admonter_Advent_2017_\u00a9StefanLeitner-e1648798842846-1024x768.webp\" type=\"image\/webp\">\n                                <source srcset=\"https:\/\/stiftadmont.at\/wp-content\/uploads\/36_Admonter_Advent_2017_\u00a9StefanLeitner-e1648798842846-1024x768.jpg\" type=\"image\/jpeg\">\n                                <img decoding=\"async\" class=\"sticky\" loading=\"lazy\" src=\"https:\/\/stiftadmont.at\/wp-content\/uploads\/36_Admonter_Advent_2017_\u00a9StefanLeitner-e1648798842846-1024x768.jpg\" alt=\"L&#039;Avent \u00e0 l&#039;abbaye d&#039;Admont \u00a9 Stefan Leitner\" \/>\n\n                                                                                                                            <\/picture>\n\n                        <\/div>\n\n                                    <\/div>\n            \n            <\/div>\n<\/div>\n\n<\/section>\n\n<section id='lightpress__section--block_d054771a3efac3a446aa2fcbe5067a5a' class='lightpress__section--default-section-space lightpress__section lightpress__section--content'><div class=\"content__inner\"\n         x-init=\"initContentBlockAnim($el)\">\n        \n    <div class=\"content__grid content__grid--fifty-fifty\">\n                                            <div class=\"content__box content__box\"\n                 style=\"\">\n                                \n                \n                                            <div class=\"prose\"><p class=\"paragraph-m\">L'association \"Advent im Stift Admont\" poursuit avec ce projet l'objectif de professionnaliser les conditions infrastructurelles sur place et l'ensemble de la commercialisation de la manifestation. Une garantie \u00e0 long terme de la manifestation doit ainsi \u00eatre assur\u00e9e. De m\u00eame, le march\u00e9 de l'Avent pr\u00e9sentera \u00e0 l'avenir un caract\u00e8re de transmission de connaissances, de sorte que la culture (au sens des traditions et des coutumes) soit pr\u00e9sent\u00e9e et inform\u00e9e de mani\u00e8re accessible.<\/p>\n<p class=\"paragraph-m\">\u00a0<\/p>\n<p class=\"paragraph-m\">Soumission de l'ensemble du projet \u00e0 la fin septembre 2017.<\/p>\n<p class=\"paragraph-m\">Co\u00fbt total du projet : 38 086,67<\/p>\n<p class=\"paragraph-m\">Montant maximum de la subvention : \u20ac 22.852,00<\/p>\n<p class=\"paragraph-m\">Date d'ach\u00e8vement : 31.12.2018<\/p>\n<\/div>\n                    \n                            <\/div>\n        \n                                                    <div class=\"content__box content__box--2\"\n                     >\n                                        \n                    \n                                                    <div class=\"prose\"><p class=\"paragraph-m\"><strong>plus d'informations sous :\u00a0<\/strong><\/p>\n<p class=\"paragraph-m\"><a href=\"http:\/\/www.landesentwicklung.steiermark.at\/cms\/ziel\/141980347\/DE\" target=\"_blank\" rel=\"noopener noreferrer\">www.landesentwicklung.steiermark.at<\/a><\/p>\n<p class=\"paragraph-m\"><a href=\"http:\/\/www.bmlrt.gv.at\/\">www.bmlrt.gv.at<\/a><\/p>\n<p class=\"paragraph-m\"><a href=\"http:\/\/ec.europa.eu\/agriculture\/rural-development-2014-2020_de\" target=\"_blank\" rel=\"noopener noreferrer\">ec.europa.eu<\/a><\/p>\n<p class=\"paragraph-m\"><a href=\"http:\/\/www.rml.at\/leader\" target=\"_blank\" rel=\"noopener noreferrer\">www.rml.at\/leader<\/a><\/p>\n<\/div>\n                        \n                                    <\/div>\n            \n            <\/div>\n<\/div>\n\n<\/section>\n\n<section id='lightpress__section--block_dc1227da9c26c644f20ecad72f10535c' class='lightpress__section lightpress__section--image lightpress__section-- lightpress__section--'>                        <img decoding=\"async\" src=\"https:\/\/stiftadmont.at\/wp-content\/uploads\/Foeg_Leiste-Bund_ELER_LAND_LEADER-EU-STMK-scaled.jpg\" alt=\"4 Foeg Barre Conf\u00e9d\u00e9ration+ELER+Pays+Leader+EU 2022 4C\" \/>\n<\/section>\n\n<section id='lightpress__section--block_434c068ceed589ac6a5c1ab3a3c3cd6b' class='lightpress__section--default-section-space lightpress__section lightpress__section--content'><div class=\"content__inner\"\n         x-init=\"initContentBlockAnim($el)\">\n        \n    <div class=\"content__grid content__grid\">\n                                            <div class=\"content__box content__box--one-hundred\"\n                 style=\"\">\n                                \n                \n                                            <div class=\"prose\"><\/div>\n                    \n                            <\/div>\n        \n            <\/div>\n<\/div>\n\n<\/section>","protected":false},"excerpt":{"rendered":"","protected":false},"author":20,"featured_media":0,"parent":21115,"menu_order":0,"comment_status":"closed","ping_status":"closed","template":"","meta":{"_acf_changed":false,"footnotes":""},"categories":[],"class_list":["post-21342","page","type-page","status-publish","hentry"],"acf":[],"yoast_head":"<!-- This site is optimized with the Yoast SEO Premium plugin v26.0 (Yoast SEO v26.8) - https:\/\/yoast.com\/product\/yoast-seo-premium-wordpress\/ -->\n<title>Leader-Projekt - Stift Admont<\/title>\n<meta name=\"robots\" content=\"index, follow, max-snippet:-1, max-image-preview:large, max-video-preview:-1\" \/>\n<link rel=\"canonical\" href=\"https:\/\/stiftadmont.at\/fr\/avent-au-couvent-dadmont\/projet-leader\/\" \/>\n<meta property=\"og:locale\" content=\"fr_FR\" \/>\n<meta property=\"og:type\" content=\"article\" \/>\n<meta property=\"og:title\" content=\"Leader-Projekt\" \/>\n<meta property=\"og:url\" content=\"https:\/\/stiftadmont.at\/fr\/avent-au-couvent-dadmont\/projet-leader\/\" \/>\n<meta property=\"og:site_name\" content=\"Stift Admont\" \/>\n<meta property=\"article:modified_time\" content=\"2025-02-12T07:29:03+00:00\" \/>\n<meta property=\"og:image\" content=\"https:\/\/stiftadmont.at\/wp-content\/uploads\/Klosteranlage-innen.jpg\" \/>\n\t<meta property=\"og:image:width\" content=\"1912\" \/>\n\t<meta property=\"og:image:height\" content=\"1188\" \/>\n\t<meta property=\"og:image:type\" content=\"image\/jpeg\" \/>\n<meta name=\"twitter:card\" content=\"summary_large_image\" \/>\n<script type=\"application\/ld+json\" class=\"yoast-schema-graph\">{\"@context\":\"https:\/\/schema.org\",\"@graph\":[{\"@type\":\"WebPage\",\"@id\":\"https:\/\/stiftadmont.at\/advent-im-stift-admont\/leader-projekt\/\",\"url\":\"https:\/\/stiftadmont.at\/advent-im-stift-admont\/leader-projekt\/\",\"name\":\"Leader-Projekt - Stift Admont\",\"isPartOf\":{\"@id\":\"https:\/\/stiftadmont.at\/#website\"},\"datePublished\":\"2023-10-06T07:32:03+00:00\",\"dateModified\":\"2025-02-12T07:29:03+00:00\",\"breadcrumb\":{\"@id\":\"https:\/\/stiftadmont.at\/advent-im-stift-admont\/leader-projekt\/#breadcrumb\"},\"inLanguage\":\"fr-FR\",\"potentialAction\":[{\"@type\":\"ReadAction\",\"target\":[\"https:\/\/stiftadmont.at\/advent-im-stift-admont\/leader-projekt\/\"]}]},{\"@type\":\"BreadcrumbList\",\"@id\":\"https:\/\/stiftadmont.at\/advent-im-stift-admont\/leader-projekt\/#breadcrumb\",\"itemListElement\":[{\"@type\":\"ListItem\",\"position\":1,\"name\":\"Start\",\"item\":\"https:\/\/stiftadmont.at\/\"},{\"@type\":\"ListItem\",\"position\":2,\"name\":\"Advent im Stift Admont\",\"item\":\"https:\/\/stiftadmont.at\/advent-im-stift-admont\/\"},{\"@type\":\"ListItem\",\"position\":3,\"name\":\"Leader-Projekt\"}]},{\"@type\":\"WebSite\",\"@id\":\"https:\/\/stiftadmont.at\/#website\",\"url\":\"https:\/\/stiftadmont.at\/\",\"name\":\"Stift Admont\",\"description\":\"Benediktinerkloster und Sehensw\u00fcrdigkeit im Ges\u00e4use\",\"potentialAction\":[{\"@type\":\"SearchAction\",\"target\":{\"@type\":\"EntryPoint\",\"urlTemplate\":\"https:\/\/stiftadmont.at\/?s={search_term_string}\"},\"query-input\":{\"@type\":\"PropertyValueSpecification\",\"valueRequired\":true,\"valueName\":\"search_term_string\"}}],\"inLanguage\":\"fr-FR\"}]}<\/script>\n<!-- \/ Yoast SEO Premium plugin. -->","yoast_head_json":{"title":"Projet Leader - Abbaye d'Admont","robots":{"index":"index","follow":"follow","max-snippet":"max-snippet:-1","max-image-preview":"max-image-preview:large","max-video-preview":"max-video-preview:-1"},"canonical":"https:\/\/stiftadmont.at\/fr\/avent-au-couvent-dadmont\/projet-leader\/","og_locale":"fr_FR","og_type":"article","og_title":"Leader-Projekt","og_url":"https:\/\/stiftadmont.at\/fr\/avent-au-couvent-dadmont\/projet-leader\/","og_site_name":"Stift Admont","article_modified_time":"2025-02-12T07:29:03+00:00","og_image":[{"width":1912,"height":1188,"url":"https:\/\/stiftadmont.at\/wp-content\/uploads\/Klosteranlage-innen.jpg","type":"image\/jpeg"}],"twitter_card":"summary_large_image","schema":{"@context":"https:\/\/schema.org","@graph":[{"@type":"WebPage","@id":"https:\/\/stiftadmont.at\/advent-im-stift-admont\/leader-projekt\/","url":"https:\/\/stiftadmont.at\/advent-im-stift-admont\/leader-projekt\/","name":"Projet Leader - Abbaye d'Admont","isPartOf":{"@id":"https:\/\/stiftadmont.at\/#website"},"datePublished":"2023-10-06T07:32:03+00:00","dateModified":"2025-02-12T07:29:03+00:00","breadcrumb":{"@id":"https:\/\/stiftadmont.at\/advent-im-stift-admont\/leader-projekt\/#breadcrumb"},"inLanguage":"fr-FR","potentialAction":[{"@type":"ReadAction","target":["https:\/\/stiftadmont.at\/advent-im-stift-admont\/leader-projekt\/"]}]},{"@type":"BreadcrumbList","@id":"https:\/\/stiftadmont.at\/advent-im-stift-admont\/leader-projekt\/#breadcrumb","itemListElement":[{"@type":"ListItem","position":1,"name":"Start","item":"https:\/\/stiftadmont.at\/"},{"@type":"ListItem","position":2,"name":"Advent im Stift Admont","item":"https:\/\/stiftadmont.at\/advent-im-stift-admont\/"},{"@type":"ListItem","position":3,"name":"Leader-Projekt"}]},{"@type":"WebSite","@id":"https:\/\/stiftadmont.at\/#website","url":"https:\/\/stiftadmont.at\/","name":"Abbaye d'Admont","description":"Monast\u00e8re b\u00e9n\u00e9dictin et attraction touristique dans le Ges\u00e4use","potentialAction":[{"@type":"SearchAction","target":{"@type":"EntryPoint","urlTemplate":"https:\/\/stiftadmont.at\/?s={search_term_string}"},"query-input":{"@type":"PropertyValueSpecification","valueRequired":true,"valueName":"search_term_string"}}],"inLanguage":"fr-FR"}]}},"_links":{"self":[{"href":"https:\/\/stiftadmont.at\/fr\/wp-json\/wp\/v2\/pages\/21342","targetHints":{"allow":["GET"]}}],"collection":[{"href":"https:\/\/stiftadmont.at\/fr\/wp-json\/wp\/v2\/pages"}],"about":[{"href":"https:\/\/stiftadmont.at\/fr\/wp-json\/wp\/v2\/types\/page"}],"author":[{"embeddable":true,"href":"https:\/\/stiftadmont.at\/fr\/wp-json\/wp\/v2\/users\/20"}],"replies":[{"embeddable":true,"href":"https:\/\/stiftadmont.at\/fr\/wp-json\/wp\/v2\/comments?post=21342"}],"version-history":[{"count":24,"href":"https:\/\/stiftadmont.at\/fr\/wp-json\/wp\/v2\/pages\/21342\/revisions"}],"predecessor-version":[{"id":32805,"href":"https:\/\/stiftadmont.at\/fr\/wp-json\/wp\/v2\/pages\/21342\/revisions\/32805"}],"up":[{"embeddable":true,"href":"https:\/\/stiftadmont.at\/fr\/wp-json\/wp\/v2\/pages\/21115"}],"wp:attachment":[{"href":"https:\/\/stiftadmont.at\/fr\/wp-json\/wp\/v2\/media?parent=21342"}],"wp:term":[{"taxonomy":"category","embeddable":true,"href":"https:\/\/stiftadmont.at\/fr\/wp-json\/wp\/v2\/categories?post=21342"}],"curies":[{"name":"wp","href":"https:\/\/api.w.org\/{rel}","templated":true}]}}

<section id='lightpress__section--block_7c7d402bd602dadda65a9a8b4bddcba2' class='lightpress__section--default-section-space lightpress__section lightpress__section--content'><div class="content__inner"
         x-init="initContentBlockAnim($el)">
        
    <div class="content__grid content__grid--fifty-fifty">
                                            <div class="content__box content__box"
                 style="">
                                
                
                                            <div class="prose"><h5 class="heading-m line line-above line--gold">... Noël approche à grands pas... ! Vitrines, guirlandes lumineuses, illuminations festives, ... </h5>
<p> </p>
<p class="paragraph-m">Mais alors que de nombreux adultes ont vite tendance à dénigrer cette période festive de fin d'année en la considérant comme un événement commercial et à gémir en ce qui concerne l'achat de cadeaux, les repas de fête et le stress familial, la période de Noël est et reste une expérience magique, surtout pour les enfants.</p>
<p> </p>
<p class="paragraph-m">Les marchés de l'Avent, les calendriers de l'Avent, les biscuits, les décorations de Noël - et bien sûr l'attente de nombreux beaux cadeaux - font battre le cœur des petits.</p>
<p class="paragraph-m">Dans le cadre du marché de l'Avent à l'abbaye d'Admont, on veut montrer aux enfants que derrière la fête de Noël, il n'y a pas que des vitrines scintillantes, des cadeaux et des friandises, mais on veut aussi expliquer les symboliques et le contexte de cette fête solennelle : Mais que signifient au juste Noël et l'Avent ? Pourquoi cette période est-elle si importante pour les enfants ? Et qui sont l'Enfant Jésus, Saint Nicolas, le Père Fouettard et le Père Noël ?</p>
<p class="paragraph-m">À une époque où l'on ne soulignera jamais assez la tolérance et l'ouverture à l'égard des autres religions, la période de Noël est aussi une belle occasion de faire connaître ses propres traditions, coutumes et cultures - ainsi que celles des autres ! L'Avent à l'abbaye d'Admont offre une bonne occasion pour cela et doit permettre aux visiteurs de découvrir quelques aspects essentiels des traditions et des coutumes.</p>
<p> </p>
<p class="paragraph-m">L'Avent à l'abbaye d'Admont existe déjà depuis près de 20 ans et n'a cessé de se développer et de s'étendre au fil des ans. Entre-temps, l'événement s'est établi comme une attraction touristique et culturelle. Chaque année, de plus en plus de visiteurs se rendent à cette manifestation, car outre les habitants de la région, de nombreux touristes sont également séduits par ce marché de l'Avent, l'ambiance d'avant Noël et le vaste programme d'accompagnement (notamment pour les enfants). </p>
<p> </p>
</div>
                    
                            </div>
        
                                                    <div class="content__box content__box--2"
                     >
                                        
                    
                                                <div class="content__media stickyTo" x-init="imageSticky($el)">

                                                                                    <picture
                                    class="content__image sticky">
                                <source srcset="https://stiftadmont.at/wp-content/uploads/36_Admonter_Advent_2017_©StefanLeitner-e1648798842846-1024x768.webp" type="image/webp">
                                <source srcset="https://stiftadmont.at/wp-content/uploads/36_Admonter_Advent_2017_©StefanLeitner-e1648798842846-1024x768.jpg" type="image/jpeg">
                                <img decoding="async" class="sticky" loading="lazy" src="https://stiftadmont.at/wp-content/uploads/36_Admonter_Advent_2017_©StefanLeitner-e1648798842846-1024x768.jpg" alt="L&#039;Avent à l&#039;abbaye d&#039;Admont © Stefan Leitner" />

                                                                                                                            </picture>

                        </div>

                                    </div>
            
            </div>
</div>

</section>

<section id='lightpress__section--block_d054771a3efac3a446aa2fcbe5067a5a' class='lightpress__section--default-section-space lightpress__section lightpress__section--content'><div class="content__inner"
         x-init="initContentBlockAnim($el)">
        
    <div class="content__grid content__grid--fifty-fifty">
                                            <div class="content__box content__box"
                 style="">
                                
                
                                            <div class="prose"><p class="paragraph-m">L'association "Advent im Stift Admont" poursuit avec ce projet l'objectif de professionnaliser les conditions infrastructurelles sur place et l'ensemble de la commercialisation de la manifestation. Une garantie à long terme de la manifestation doit ainsi être assurée. De même, le marché de l'Avent présentera à l'avenir un caractère de transmission de connaissances, de sorte que la culture (au sens des traditions et des coutumes) soit présentée et informée de manière accessible.</p>
<p class="paragraph-m"> </p>
<p class="paragraph-m">Soumission de l'ensemble du projet à la fin septembre 2017.</p>
<p class="paragraph-m">Coût total du projet : 38 086,67</p>
<p class="paragraph-m">Montant maximum de la subvention : € 22.852,00</p>
<p class="paragraph-m">Date d'achèvement : 31.12.2018</p>
</div>
                    
                            </div>
        
                                                    <div class="content__box content__box--2"
                     >
                                        
                    
                                                    <div class="prose"><p class="paragraph-m"><strong>plus d'informations sous : </strong></p>
<p class="paragraph-m"><a href="http://www.landesentwicklung.steiermark.at/cms/ziel/141980347/DE" target="_blank" rel="noopener noreferrer">www.landesentwicklung.steiermark.at</a></p>
<p class="paragraph-m"><a href="http://www.bmlrt.gv.at/">www.bmlrt.gv.at</a></p>
<p class="paragraph-m"><a href="http://ec.europa.eu/agriculture/rural-development-2014-2020_de" target="_blank" rel="noopener noreferrer">ec.europa.eu</a></p>
<p class="paragraph-m"><a href="http://www.rml.at/leader" target="_blank" rel="noopener noreferrer">www.rml.at/leader</a></p>
</div>
                        
                                    </div>
            
            </div>
</div>

</section>

<section id='lightpress__section--block_dc1227da9c26c644f20ecad72f10535c' class='lightpress__section lightpress__section--image lightpress__section-- lightpress__section--'>                        <img decoding="async" src="https://stiftadmont.at/wp-content/uploads/Foeg_Leiste-Bund_ELER_LAND_LEADER-EU-STMK-scaled.jpg" alt="4 Foeg Barre Confédération+ELER+Pays+Leader+EU 2022 4C" />
</section>

<section id='lightpress__section--block_434c068ceed589ac6a5c1ab3a3c3cd6b' class='lightpress__section--default-section-space lightpress__section lightpress__section--content'><div class="content__inner"
         x-init="initContentBlockAnim($el)">
        
    <div class="content__grid content__grid">
                                            <div class="content__box content__box--one-hundred"
                 style="">
                                
                
                                            <div class="prose"></div>
                    
                            </div>
        
            </div>
</div>

</section>

<!-- This site is optimized with the Yoast SEO Premium plugin v26.0 (Yoast SEO v26.8) - https://yoast.com/product/yoast-seo-premium-wordpress/ -->
<title>Leader-Projekt - Stift Admont</title>
<meta name="robots" content="index, follow, max-snippet:-1, max-image-preview:large, max-video-preview:-1" />
<link rel="canonical" href="https://stiftadmont.at/fr/avent-au-couvent-dadmont/projet-leader/" />
<meta property="og:locale" content="fr_FR" />
<meta property="og:type" content="article" />
<meta property="og:title" content="Leader-Projekt" />
<meta property="og:url" content="https://stiftadmont.at/fr/avent-au-couvent-dadmont/projet-leader/" />
<meta property="og:site_name" content="Stift Admont" />
<meta property="article:modified_time" content="2025-02-12T07:29:03+00:00" />
<meta property="og:image" content="https://stiftadmont.at/wp-content/uploads/Klosteranlage-innen.jpg" />
	<meta property="og:image:width" content="1912" />
	<meta property="og:image:height" content="1188" />
	<meta property="og:image:type" content="image/jpeg" />
<meta name="twitter:card" content="summary_large_image" />
<script type="application/ld+json" class="yoast-schema-graph">{"@context":"https://schema.org","@graph":[{"@type":"WebPage","@id":"https://stiftadmont.at/advent-im-stift-admont/leader-projekt/","url":"https://stiftadmont.at/advent-im-stift-admont/leader-projekt/","name":"Leader-Projekt - Stift Admont","isPartOf":{"@id":"https://stiftadmont.at/#website"},"datePublished":"2023-10-06T07:32:03+00:00","dateModified":"2025-02-12T07:29:03+00:00","breadcrumb":{"@id":"https://stiftadmont.at/advent-im-stift-admont/leader-projekt/#breadcrumb"},"inLanguage":"fr-FR","potentialAction":[{"@type":"ReadAction","target":["https://stiftadmont.at/advent-im-stift-admont/leader-projekt/"]}]},{"@type":"BreadcrumbList","@id":"https://stiftadmont.at/advent-im-stift-admont/leader-projekt/#breadcrumb","itemListElement":[{"@type":"ListItem","position":1,"name":"Start","item":"https://stiftadmont.at/"},{"@type":"ListItem","position":2,"name":"Advent im Stift Admont","item":"https://stiftadmont.at/advent-im-stift-admont/"},{"@type":"ListItem","position":3,"name":"Leader-Projekt"}]},{"@type":"WebSite","@id":"https://stiftadmont.at/#website","url":"https://stiftadmont.at/","name":"Stift Admont","description":"Benediktinerkloster und Sehenswürdigkeit im Gesäuse","potentialAction":[{"@type":"SearchAction","target":{"@type":"EntryPoint","urlTemplate":"https://stiftadmont.at/?s={search_term_string}"},"query-input":{"@type":"PropertyValueSpecification","valueRequired":true,"valueName":"search_term_string"}}],"inLanguage":"fr-FR"}]}</script>
<!-- / Yoast SEO Premium plugin. -->

Monastère bénédictin et attraction touristique dans le Gesäuse
