{"id":527,"date":"2021-07-15T14:30:29","date_gmt":"2021-07-15T12:30:29","guid":{"rendered":"https:\/\/stiftadmont.at\/?page_id=527"},"modified":"2023-08-16T13:09:32","modified_gmt":"2023-08-16T11:09:32","slug":"transport-de-base","status":"publish","type":"page","link":"https:\/\/stiftadmont.at\/fr\/grundverkehr\/","title":{"rendered":"Transactions fonci\u00e8res"},"content":{"rendered":"<section id='lightpress__section--block_60fe7f733da85' class='lightpress__section--default-section-space lightpress__section lightpress__section--content'><div class=\"content__inner\"\n         x-init=\"initContentBlockAnim($el)\">\n        \n    <div class=\"content__grid content__grid\">\n                                            <div class=\"content__box content__box--one-hundred\"\n                 style=\"\">\n                                \n                \n                                            <div class=\"prose\"><h2 class=\"heading-xxl line line--gold\">Propri\u00e9t\u00e9s fonci\u00e8res de l'abbaye d'Admont<\/h2>\n<p class=\"paragraph-m\">L'ensemble des propri\u00e9t\u00e9s fonci\u00e8res de l'abbaye d'Admont s'\u00e9tend sur environ 25 000 hectares. Le service des transactions fonci\u00e8res est responsable de la gestion des terrains, ainsi que du traitement et de l'archivage des transactions.<\/p>\n<p>\u00a0<\/p>\n<div class=\"info info--info\">\n<p>Veuillez adresser vos demandes concernant des terrains ou des biens immobiliers de l'abbaye d'Admont aux contacts ci-dessous.<\/p>\n<\/div>\n<\/div>\n                    \n                            <\/div>\n        \n            <\/div>\n<\/div>\n\n<\/section>\n\n<section id='lightpress__section--block_624170699645c' class='lightpress__section lightpress__section--contacts-slider'><div class=\"contacts\" x-init=\"initContactsTeaserAnim($el)\">\n\n    <div class=\"contacts__inner\">\n\n        <div class=\"swiper-container\"\n             x-data\n x-init=\"initContactsTeaser($el, $refs.btnPrev, $refs.btnNext)\">\n\n            <div class=\"swiper-wrapper\">\n                                    <div class=\"swiper-slide\">\n                        <article class=\"contacts__contact\">\n                                                        <div class=\"contacts__media\">\n                <span class=\"image-overlay\">\n                  <picture>\n                    <source srcset=\"https:\/\/stiftadmont.at\/wp-content\/uploads\/Admont_Buero_\u00a9Thomas-Sattler-4-768x508.webp\" type=\"image\/webp\">\n                    <source srcset=\"https:\/\/stiftadmont.at\/wp-content\/uploads\/Admont_Buero_\u00a9Thomas-Sattler-4-768x508.jpg\" type=\"image\/jpeg\">\n                    <img decoding=\"async\" loading=\"lazy\" src=\"https:\/\/stiftadmont.at\/wp-content\/uploads\/Admont_Buero_\u00a9Thomas-Sattler-4-768x508.jpg\"\n                         alt=\"Admont Buero \u00a9Thomas Sattler 4 scaled\" width=\"416\" height=\"418\">\n                  <\/picture>\n                <\/span>\n                            <\/div>\n                            <div class=\"contacts__content\">\n                                <h2 class=\"contacts__name heading-s\">ING. MAG. ALFRED FUCHS<\/h2>\n                                <p\n                                        class=\"contacts__title paragraph-s\">Secteur Admont - Vall\u00e9e de l'Enns<\/p>                                                                    <a href=\"mailto:alfred.fuchs@stiftadmont.at\" class=\"email\"><span class=\"icon-outer\"><i\n                                                    class=\"fa-solid fa-envelope\"><\/i><\/span>alfred.fuchs@stiftadmont.at<\/a>\n                                \n                                                                                                            <a href=\"tel:+43 (0) 3613\/2312-800\" class=\"phone\"><span class=\"icon-outer\"><i\n                                                        class=\"fa-solid fa-phone\"><\/i><\/span>+43 (0) 3613\/2312-800<\/a>\n                                                                                                <\/div>\n                        <\/article>\n                    <\/div>\n                                    <div class=\"swiper-slide\">\n                        <article class=\"contacts__contact\">\n                                                        <div class=\"contacts__media\">\n                <span class=\"image-overlay\">\n                  <picture>\n                    <source srcset=\"https:\/\/stiftadmont.at\/wp-content\/uploads\/115_Forst_Jagd_Stift_Admont\u00a9StefanLeitner-768x1152.webp\" type=\"image\/webp\">\n                    <source srcset=\"https:\/\/stiftadmont.at\/wp-content\/uploads\/115_Forst_Jagd_Stift_Admont\u00a9StefanLeitner-768x1152.jpg\" type=\"image\/jpeg\">\n                    <img decoding=\"async\" loading=\"lazy\" src=\"https:\/\/stiftadmont.at\/wp-content\/uploads\/115_Forst_Jagd_Stift_Admont\u00a9StefanLeitner-768x1152.jpg\"\n                         alt=\"Abbaye d&#039;Admont - For\u00eat Chasse \u00a9 Stefan Leitner\" width=\"416\" height=\"418\">\n                  <\/picture>\n                <\/span>\n                            <\/div>\n                            <div class=\"contacts__content\">\n                                <h2 class=\"contacts__name heading-s\">OFM DI Karl J\u00e4ger<\/h2>\n                                <p\n                                        class=\"contacts__title paragraph-s\">Secteur de l'administration foresti\u00e8re de Trieben<\/p>                                                                    <a href=\"mailto:karl.jaeger@stiftadmont.at\" class=\"email\"><span class=\"icon-outer\"><i\n                                                    class=\"fa-solid fa-envelope\"><\/i><\/span>karl.jaeger@stiftadmont.at<\/a>\n                                \n                                                                                                            <a href=\"tel:+43 (0) 3615\/2281-11\" class=\"phone\"><span class=\"icon-outer\"><i\n                                                        class=\"fa-solid fa-phone\"><\/i><\/span>+43 (0) 3615\/2281-11<\/a>\n                                                                                                <\/div>\n                        <\/article>\n                    <\/div>\n                            <\/div>\n\n                            <button class=\"swiper-button-prev slider-button slider-button--prev\" x-ref=\"btnPrev\"\n                        aria-label=\"Afficher la personne de contact pr\u00e9c\u00e9dente\"><i class=\"fa-regular fa-chevron-left\"><\/i><\/button>\n                <button class=\"swiper-button-next slider-button slider-button--next\" x-ref=\"btnNext\"\n                        aria-label=\"Afficher la personne de contact suivante\"><i class=\"fa-regular fa-chevron-right\"><\/i><\/button>\n                    <\/div>\n    <\/div>\n\n<\/div><\/section>","protected":false},"excerpt":{"rendered":"","protected":false},"author":3,"featured_media":0,"parent":0,"menu_order":132,"comment_status":"closed","ping_status":"closed","template":"","meta":{"_acf_changed":false,"footnotes":""},"categories":[],"class_list":["post-527","page","type-page","status-publish","hentry"],"acf":[],"yoast_head":"<!-- This site is optimized with the Yoast SEO Premium plugin v26.0 (Yoast SEO v26.8) - https:\/\/yoast.com\/product\/yoast-seo-premium-wordpress\/ -->\n<title>Grundverkehr - Stift Admont<\/title>\n<meta name=\"robots\" content=\"index, follow, max-snippet:-1, max-image-preview:large, max-video-preview:-1\" \/>\n<link rel=\"canonical\" href=\"https:\/\/stiftadmont.at\/fr\/transport-de-base\/\" \/>\n<meta property=\"og:locale\" content=\"fr_FR\" \/>\n<meta property=\"og:type\" content=\"article\" \/>\n<meta property=\"og:title\" content=\"Grundverkehr\" \/>\n<meta property=\"og:url\" content=\"https:\/\/stiftadmont.at\/fr\/transport-de-base\/\" \/>\n<meta property=\"og:site_name\" content=\"Stift Admont\" \/>\n<meta property=\"article:modified_time\" content=\"2023-08-16T11:09:32+00:00\" \/>\n<meta property=\"og:image\" content=\"https:\/\/stiftadmont.at\/wp-content\/uploads\/Klosteranlage-innen.jpg\" \/>\n\t<meta property=\"og:image:width\" content=\"1912\" \/>\n\t<meta property=\"og:image:height\" content=\"1188\" \/>\n\t<meta property=\"og:image:type\" content=\"image\/jpeg\" \/>\n<meta name=\"twitter:card\" content=\"summary_large_image\" \/>\n<script type=\"application\/ld+json\" class=\"yoast-schema-graph\">{\"@context\":\"https:\/\/schema.org\",\"@graph\":[{\"@type\":\"WebPage\",\"@id\":\"https:\/\/stiftadmont.at\/grundverkehr\/\",\"url\":\"https:\/\/stiftadmont.at\/grundverkehr\/\",\"name\":\"Grundverkehr - Stift Admont\",\"isPartOf\":{\"@id\":\"https:\/\/stiftadmont.at\/#website\"},\"datePublished\":\"2021-07-15T12:30:29+00:00\",\"dateModified\":\"2023-08-16T11:09:32+00:00\",\"breadcrumb\":{\"@id\":\"https:\/\/stiftadmont.at\/grundverkehr\/#breadcrumb\"},\"inLanguage\":\"fr-FR\",\"potentialAction\":[{\"@type\":\"ReadAction\",\"target\":[\"https:\/\/stiftadmont.at\/grundverkehr\/\"]}]},{\"@type\":\"BreadcrumbList\",\"@id\":\"https:\/\/stiftadmont.at\/grundverkehr\/#breadcrumb\",\"itemListElement\":[{\"@type\":\"ListItem\",\"position\":1,\"name\":\"Start\",\"item\":\"https:\/\/stiftadmont.at\/\"},{\"@type\":\"ListItem\",\"position\":2,\"name\":\"Grundverkehr\"}]},{\"@type\":\"WebSite\",\"@id\":\"https:\/\/stiftadmont.at\/#website\",\"url\":\"https:\/\/stiftadmont.at\/\",\"name\":\"Stift Admont\",\"description\":\"Benediktinerkloster und Sehensw\u00fcrdigkeit im Ges\u00e4use\",\"potentialAction\":[{\"@type\":\"SearchAction\",\"target\":{\"@type\":\"EntryPoint\",\"urlTemplate\":\"https:\/\/stiftadmont.at\/?s={search_term_string}\"},\"query-input\":{\"@type\":\"PropertyValueSpecification\",\"valueRequired\":true,\"valueName\":\"search_term_string\"}}],\"inLanguage\":\"fr-FR\"}]}<\/script>\n<!-- \/ Yoast SEO Premium plugin. -->","yoast_head_json":{"title":"Transactions fonci\u00e8res - Stift Admont","robots":{"index":"index","follow":"follow","max-snippet":"max-snippet:-1","max-image-preview":"max-image-preview:large","max-video-preview":"max-video-preview:-1"},"canonical":"https:\/\/stiftadmont.at\/fr\/transport-de-base\/","og_locale":"fr_FR","og_type":"article","og_title":"Grundverkehr","og_url":"https:\/\/stiftadmont.at\/fr\/transport-de-base\/","og_site_name":"Stift Admont","article_modified_time":"2023-08-16T11:09:32+00:00","og_image":[{"width":1912,"height":1188,"url":"https:\/\/stiftadmont.at\/wp-content\/uploads\/Klosteranlage-innen.jpg","type":"image\/jpeg"}],"twitter_card":"summary_large_image","schema":{"@context":"https:\/\/schema.org","@graph":[{"@type":"WebPage","@id":"https:\/\/stiftadmont.at\/grundverkehr\/","url":"https:\/\/stiftadmont.at\/grundverkehr\/","name":"Transactions fonci\u00e8res - Stift Admont","isPartOf":{"@id":"https:\/\/stiftadmont.at\/#website"},"datePublished":"2021-07-15T12:30:29+00:00","dateModified":"2023-08-16T11:09:32+00:00","breadcrumb":{"@id":"https:\/\/stiftadmont.at\/grundverkehr\/#breadcrumb"},"inLanguage":"fr-FR","potentialAction":[{"@type":"ReadAction","target":["https:\/\/stiftadmont.at\/grundverkehr\/"]}]},{"@type":"BreadcrumbList","@id":"https:\/\/stiftadmont.at\/grundverkehr\/#breadcrumb","itemListElement":[{"@type":"ListItem","position":1,"name":"Start","item":"https:\/\/stiftadmont.at\/"},{"@type":"ListItem","position":2,"name":"Grundverkehr"}]},{"@type":"WebSite","@id":"https:\/\/stiftadmont.at\/#website","url":"https:\/\/stiftadmont.at\/","name":"Abbaye d'Admont","description":"Monast\u00e8re b\u00e9n\u00e9dictin et attraction touristique dans le Ges\u00e4use","potentialAction":[{"@type":"SearchAction","target":{"@type":"EntryPoint","urlTemplate":"https:\/\/stiftadmont.at\/?s={search_term_string}"},"query-input":{"@type":"PropertyValueSpecification","valueRequired":true,"valueName":"search_term_string"}}],"inLanguage":"fr-FR"}]}},"_links":{"self":[{"href":"https:\/\/stiftadmont.at\/fr\/wp-json\/wp\/v2\/pages\/527","targetHints":{"allow":["GET"]}}],"collection":[{"href":"https:\/\/stiftadmont.at\/fr\/wp-json\/wp\/v2\/pages"}],"about":[{"href":"https:\/\/stiftadmont.at\/fr\/wp-json\/wp\/v2\/types\/page"}],"author":[{"embeddable":true,"href":"https:\/\/stiftadmont.at\/fr\/wp-json\/wp\/v2\/users\/3"}],"replies":[{"embeddable":true,"href":"https:\/\/stiftadmont.at\/fr\/wp-json\/wp\/v2\/comments?post=527"}],"version-history":[{"count":25,"href":"https:\/\/stiftadmont.at\/fr\/wp-json\/wp\/v2\/pages\/527\/revisions"}],"predecessor-version":[{"id":12787,"href":"https:\/\/stiftadmont.at\/fr\/wp-json\/wp\/v2\/pages\/527\/revisions\/12787"}],"wp:attachment":[{"href":"https:\/\/stiftadmont.at\/fr\/wp-json\/wp\/v2\/media?parent=527"}],"wp:term":[{"taxonomy":"category","embeddable":true,"href":"https:\/\/stiftadmont.at\/fr\/wp-json\/wp\/v2\/categories?post=527"}],"curies":[{"name":"wp","href":"https:\/\/api.w.org\/{rel}","templated":true}]}}

Transactions foncières

<section id='lightpress__section--block_60fe7f733da85' class='lightpress__section--default-section-space lightpress__section lightpress__section--content'><div class="content__inner"
         x-init="initContentBlockAnim($el)">
        
    <div class="content__grid content__grid">
                                            <div class="content__box content__box--one-hundred"
                 style="">
                                
                
                                            <div class="prose"><h2 class="heading-xxl line line--gold">Propriétés foncières de l'abbaye d'Admont</h2>
<p class="paragraph-m">L'ensemble des propriétés foncières de l'abbaye d'Admont s'étend sur environ 25 000 hectares. Le service des transactions foncières est responsable de la gestion des terrains, ainsi que du traitement et de l'archivage des transactions.</p>
<p> </p>
<div class="info info--info">
<p>Veuillez adresser vos demandes concernant des terrains ou des biens immobiliers de l'abbaye d'Admont aux contacts ci-dessous.</p>
</div>
</div>
                    
                            </div>
        
            </div>
</div>

</section>

<section id='lightpress__section--block_624170699645c' class='lightpress__section lightpress__section--contacts-slider'><div class="contacts" x-init="initContactsTeaserAnim($el)">

    <div class="contacts__inner">

        <div class="swiper-container"
             x-data
 x-init="initContactsTeaser($el, $refs.btnPrev, $refs.btnNext)">

            <div class="swiper-wrapper">
                                    <div class="swiper-slide">
                        <article class="contacts__contact">
                                                        <div class="contacts__media">
                <span class="image-overlay">
                  <picture>
                    <source srcset="https://stiftadmont.at/wp-content/uploads/Admont_Buero_©Thomas-Sattler-4-768x508.webp" type="image/webp">
                    <source srcset="https://stiftadmont.at/wp-content/uploads/Admont_Buero_©Thomas-Sattler-4-768x508.jpg" type="image/jpeg">
                    <img decoding="async" loading="lazy" src="https://stiftadmont.at/wp-content/uploads/Admont_Buero_©Thomas-Sattler-4-768x508.jpg"
                         alt="Admont Buero ©Thomas Sattler 4 scaled" width="416" height="418">
                  </picture>
                </span>
                            </div>
                            <div class="contacts__content">
                                <h2 class="contacts__name heading-s">ING. MAG. ALFRED FUCHS</h2>
                                <p
                                        class="contacts__title paragraph-s">Secteur Admont - Vallée de l'Enns</p>                                                                    <a href="mailto:alfred.fuchs@stiftadmont.at" class="email"><span class="icon-outer"><i
                                                    class="fa-solid fa-envelope"></i></span>alfred.fuchs@stiftadmont.at</a>
                                
                                                                                                            <a href="tel:+43 (0) 3613/2312-800" class="phone"><span class="icon-outer"><i
                                                        class="fa-solid fa-phone"></i></span>+43 (0) 3613/2312-800</a>
                                                                                                </div>
                        </article>
                    </div>
                                    <div class="swiper-slide">
                        <article class="contacts__contact">
                                                        <div class="contacts__media">
                <span class="image-overlay">
                  <picture>
                    <source srcset="https://stiftadmont.at/wp-content/uploads/115_Forst_Jagd_Stift_Admont©StefanLeitner-768x1152.webp" type="image/webp">
                    <source srcset="https://stiftadmont.at/wp-content/uploads/115_Forst_Jagd_Stift_Admont©StefanLeitner-768x1152.jpg" type="image/jpeg">
                    <img decoding="async" loading="lazy" src="https://stiftadmont.at/wp-content/uploads/115_Forst_Jagd_Stift_Admont©StefanLeitner-768x1152.jpg"
                         alt="Abbaye d&#039;Admont - Forêt Chasse © Stefan Leitner" width="416" height="418">
                  </picture>
                </span>
                            </div>
                            <div class="contacts__content">
                                <h2 class="contacts__name heading-s">OFM DI Karl Jäger</h2>
                                <p
                                        class="contacts__title paragraph-s">Secteur de l'administration forestière de Trieben</p>                                                                    <a href="mailto:karl.jaeger@stiftadmont.at" class="email"><span class="icon-outer"><i
                                                    class="fa-solid fa-envelope"></i></span>karl.jaeger@stiftadmont.at</a>
                                
                                                                                                            <a href="tel:+43 (0) 3615/2281-11" class="phone"><span class="icon-outer"><i
                                                        class="fa-solid fa-phone"></i></span>+43 (0) 3615/2281-11</a>
                                                                                                </div>
                        </article>
                    </div>
                            </div>

                            <button class="swiper-button-prev slider-button slider-button--prev" x-ref="btnPrev"
                        aria-label="Afficher la personne de contact précédente"><i class="fa-regular fa-chevron-left"></i></button>
                <button class="swiper-button-next slider-button slider-button--next" x-ref="btnNext"
                        aria-label="Afficher la personne de contact suivante"><i class="fa-regular fa-chevron-right"></i></button>
                    </div>
    </div>

</div></section>

<!-- This site is optimized with the Yoast SEO Premium plugin v26.0 (Yoast SEO v26.8) - https://yoast.com/product/yoast-seo-premium-wordpress/ -->
<title>Grundverkehr - Stift Admont</title>
<meta name="robots" content="index, follow, max-snippet:-1, max-image-preview:large, max-video-preview:-1" />
<link rel="canonical" href="https://stiftadmont.at/fr/transport-de-base/" />
<meta property="og:locale" content="fr_FR" />
<meta property="og:type" content="article" />
<meta property="og:title" content="Grundverkehr" />
<meta property="og:url" content="https://stiftadmont.at/fr/transport-de-base/" />
<meta property="og:site_name" content="Stift Admont" />
<meta property="article:modified_time" content="2023-08-16T11:09:32+00:00" />
<meta property="og:image" content="https://stiftadmont.at/wp-content/uploads/Klosteranlage-innen.jpg" />
	<meta property="og:image:width" content="1912" />
	<meta property="og:image:height" content="1188" />
	<meta property="og:image:type" content="image/jpeg" />
<meta name="twitter:card" content="summary_large_image" />
<script type="application/ld+json" class="yoast-schema-graph">{"@context":"https://schema.org","@graph":[{"@type":"WebPage","@id":"https://stiftadmont.at/grundverkehr/","url":"https://stiftadmont.at/grundverkehr/","name":"Grundverkehr - Stift Admont","isPartOf":{"@id":"https://stiftadmont.at/#website"},"datePublished":"2021-07-15T12:30:29+00:00","dateModified":"2023-08-16T11:09:32+00:00","breadcrumb":{"@id":"https://stiftadmont.at/grundverkehr/#breadcrumb"},"inLanguage":"fr-FR","potentialAction":[{"@type":"ReadAction","target":["https://stiftadmont.at/grundverkehr/"]}]},{"@type":"BreadcrumbList","@id":"https://stiftadmont.at/grundverkehr/#breadcrumb","itemListElement":[{"@type":"ListItem","position":1,"name":"Start","item":"https://stiftadmont.at/"},{"@type":"ListItem","position":2,"name":"Grundverkehr"}]},{"@type":"WebSite","@id":"https://stiftadmont.at/#website","url":"https://stiftadmont.at/","name":"Stift Admont","description":"Benediktinerkloster und Sehenswürdigkeit im Gesäuse","potentialAction":[{"@type":"SearchAction","target":{"@type":"EntryPoint","urlTemplate":"https://stiftadmont.at/?s={search_term_string}"},"query-input":{"@type":"PropertyValueSpecification","valueRequired":true,"valueName":"search_term_string"}}],"inLanguage":"fr-FR"}]}</script>
<!-- / Yoast SEO Premium plugin. -->

Transactions foncières - Stift Admont

Monastère bénédictin et attraction touristique dans le Gesäuse
