{"id":6492,"date":"2021-09-29T16:43:24","date_gmt":"2021-09-29T14:43:24","guid":{"rendered":"https:\/\/stiftadmont.at\/?page_id=6492"},"modified":"2023-12-08T18:36:21","modified_gmt":"2023-12-08T16:36:21","slug":"le-feu-a-la-fois-malediction-et-benediction","status":"publish","type":"page","link":"https:\/\/stiftadmont.at\/fr\/museum\/ausstellungsrueckblick\/das-feuer-fluch-und-segen-zugleich\/","title":{"rendered":"Le feu - \u00e0 la fois mal\u00e9diction et b\u00e9n\u00e9diction"},"content":{"rendered":"<section id='lightpress__section--block_61547b7f9d340' class='lightpress__section--default-section-space lightpress__section lightpress__section--content'><div class=\"content__inner\"\n         x-init=\"initContentBlockAnim($el)\">\n        \n    <div class=\"content__grid content__grid\">\n                                            <div class=\"content__box content__box--one-hundred\"\n                 style=\"\">\n                                \n                \n                                            <div class=\"prose\"><h2 class=\"heading-xxl line line--gold\">Le feu est \u00e0 la fois une mal\u00e9diction et une b\u00e9n\u00e9diction, un don de Dieu et un ch\u00e2timent.<\/h2>\n<p class=\"paragraph-m\">Jusqu'au 19e si\u00e8cle, l'homme \u00e9tait \u00e0 la merci du feu. Certes, les r\u00e8glements sur les incendies emp\u00eachaient certains feux de se d\u00e9clarer et de nombreux volontaires courageux \u00e9teignaient les petits incendies avec des cha\u00eenes de seaux et des pompes manuelles. Mais seule la pri\u00e8re permettait de lutter contre les incendies. On invoquait la Vierge Marie et les \"saints du feu\" comme Florian, Barbara ou Christopher. De nombreuses r\u00e9ponses aux pri\u00e8res, consign\u00e9es dans le \"Frauenberger Mirakelbuch\", t\u00e9moignent de la confiance en Dieu et de l'intercession c\u00e9leste.<\/p>\n<p class=\"paragraph-m\">La technique moderne, le d\u00e9but de la motorisation et la foi dans le progr\u00e8s ont de plus en plus marqu\u00e9 le 19e si\u00e8cle. L'homme prit son destin en main. En 1851, le premier corps de pompiers volontaires de la monarchie fut cr\u00e9\u00e9 \u00e0 Reichstadt, en Boh\u00eame, et en 1853, \u00e0 Graz, le premier de Styrie. En 1872, les corps de pompiers de Liezen, Rottenmann et Aussee furent fond\u00e9s dans la r\u00e9gion, en 1873 ceux d'Admont et de St.<\/p>\n<p class=\"paragraph-m\">Aujourd'hui, c'est la technologie de pointe qui d\u00e9termine la protection contre les incendies. Des appareils ultramodernes, utilis\u00e9s par des volontaires parfaitement form\u00e9s, aident \u00e0 lutter contre le feu. Et pourtant, saint Florian veille sur ses \"disciples\" \u00e0 chaque poste de secours...<\/p>\n<p class=\"paragraph-m\"><em>Winfried Schwab OSB, responsable de la culture du couvent<\/em><\/p>\n<\/div>\n                    \n                            <\/div>\n        \n            <\/div>\n<\/div>\n\n<\/section>","protected":false},"excerpt":{"rendered":"","protected":false},"author":7,"featured_media":0,"parent":5864,"menu_order":1,"comment_status":"closed","ping_status":"closed","template":"","meta":{"_acf_changed":false,"footnotes":""},"categories":[73],"class_list":["post-6492","page","type-page","status-publish","hentry","category-ausstellungsrueckblick"],"acf":[],"yoast_head":"<!-- This site is optimized with the Yoast SEO Premium plugin v26.0 (Yoast SEO v26.8) - https:\/\/yoast.com\/product\/yoast-seo-premium-wordpress\/ -->\n<title>Das Feuer \u2013 Fluch und Segen zugleich - Stift Admont<\/title>\n<meta name=\"robots\" content=\"index, follow, max-snippet:-1, max-image-preview:large, max-video-preview:-1\" \/>\n<link rel=\"canonical\" href=\"https:\/\/stiftadmont.at\/fr\/musee\/retrospective-de-lexposition\/le-feu-a-la-fois-malediction-et-benediction\/\" \/>\n<meta property=\"og:locale\" content=\"fr_FR\" \/>\n<meta property=\"og:type\" content=\"article\" \/>\n<meta property=\"og:title\" content=\"Das Feuer \u2013 Fluch und Segen zugleich\" \/>\n<meta property=\"og:url\" content=\"https:\/\/stiftadmont.at\/fr\/musee\/retrospective-de-lexposition\/le-feu-a-la-fois-malediction-et-benediction\/\" \/>\n<meta property=\"og:site_name\" content=\"Stift Admont\" \/>\n<meta property=\"article:modified_time\" content=\"2023-12-08T16:36:21+00:00\" \/>\n<meta property=\"og:image\" content=\"https:\/\/stiftadmont.at\/wp-content\/uploads\/Klosteranlage-innen.jpg\" \/>\n\t<meta property=\"og:image:width\" content=\"1912\" \/>\n\t<meta property=\"og:image:height\" content=\"1188\" \/>\n\t<meta property=\"og:image:type\" content=\"image\/jpeg\" \/>\n<meta name=\"twitter:card\" content=\"summary_large_image\" \/>\n<script type=\"application\/ld+json\" class=\"yoast-schema-graph\">{\"@context\":\"https:\/\/schema.org\",\"@graph\":[{\"@type\":\"WebPage\",\"@id\":\"https:\/\/stiftadmont.at\/museum\/ausstellungsrueckblick\/das-feuer-fluch-und-segen-zugleich\/\",\"url\":\"https:\/\/stiftadmont.at\/museum\/ausstellungsrueckblick\/das-feuer-fluch-und-segen-zugleich\/\",\"name\":\"Das Feuer \u2013 Fluch und Segen zugleich - Stift Admont\",\"isPartOf\":{\"@id\":\"https:\/\/stiftadmont.at\/#website\"},\"datePublished\":\"2021-09-29T14:43:24+00:00\",\"dateModified\":\"2023-12-08T16:36:21+00:00\",\"breadcrumb\":{\"@id\":\"https:\/\/stiftadmont.at\/museum\/ausstellungsrueckblick\/das-feuer-fluch-und-segen-zugleich\/#breadcrumb\"},\"inLanguage\":\"fr-FR\",\"potentialAction\":[{\"@type\":\"ReadAction\",\"target\":[\"https:\/\/stiftadmont.at\/museum\/ausstellungsrueckblick\/das-feuer-fluch-und-segen-zugleich\/\"]}]},{\"@type\":\"BreadcrumbList\",\"@id\":\"https:\/\/stiftadmont.at\/museum\/ausstellungsrueckblick\/das-feuer-fluch-und-segen-zugleich\/#breadcrumb\",\"itemListElement\":[{\"@type\":\"ListItem\",\"position\":1,\"name\":\"Start\",\"item\":\"https:\/\/stiftadmont.at\/\"},{\"@type\":\"ListItem\",\"position\":2,\"name\":\"Museum Stift Admont\",\"item\":\"https:\/\/stiftadmont.at\/museum\/\"},{\"@type\":\"ListItem\",\"position\":3,\"name\":\"Ausstellungsr\u00fcckblick\",\"item\":\"https:\/\/stiftadmont.at\/museum\/ausstellungsrueckblick\/\"},{\"@type\":\"ListItem\",\"position\":4,\"name\":\"Das Feuer \u2013 Fluch und Segen zugleich\"}]},{\"@type\":\"WebSite\",\"@id\":\"https:\/\/stiftadmont.at\/#website\",\"url\":\"https:\/\/stiftadmont.at\/\",\"name\":\"Stift Admont\",\"description\":\"Benediktinerkloster und Sehensw\u00fcrdigkeit im Ges\u00e4use\",\"potentialAction\":[{\"@type\":\"SearchAction\",\"target\":{\"@type\":\"EntryPoint\",\"urlTemplate\":\"https:\/\/stiftadmont.at\/?s={search_term_string}\"},\"query-input\":{\"@type\":\"PropertyValueSpecification\",\"valueRequired\":true,\"valueName\":\"search_term_string\"}}],\"inLanguage\":\"fr-FR\"}]}<\/script>\n<!-- \/ Yoast SEO Premium plugin. -->","yoast_head_json":{"title":"Le feu - \u00e0 la fois mal\u00e9diction et b\u00e9n\u00e9diction - Stift Admont","robots":{"index":"index","follow":"follow","max-snippet":"max-snippet:-1","max-image-preview":"max-image-preview:large","max-video-preview":"max-video-preview:-1"},"canonical":"https:\/\/stiftadmont.at\/fr\/musee\/retrospective-de-lexposition\/le-feu-a-la-fois-malediction-et-benediction\/","og_locale":"fr_FR","og_type":"article","og_title":"Das Feuer \u2013 Fluch und Segen zugleich","og_url":"https:\/\/stiftadmont.at\/fr\/musee\/retrospective-de-lexposition\/le-feu-a-la-fois-malediction-et-benediction\/","og_site_name":"Stift Admont","article_modified_time":"2023-12-08T16:36:21+00:00","og_image":[{"width":1912,"height":1188,"url":"https:\/\/stiftadmont.at\/wp-content\/uploads\/Klosteranlage-innen.jpg","type":"image\/jpeg"}],"twitter_card":"summary_large_image","schema":{"@context":"https:\/\/schema.org","@graph":[{"@type":"WebPage","@id":"https:\/\/stiftadmont.at\/museum\/ausstellungsrueckblick\/das-feuer-fluch-und-segen-zugleich\/","url":"https:\/\/stiftadmont.at\/museum\/ausstellungsrueckblick\/das-feuer-fluch-und-segen-zugleich\/","name":"Le feu - \u00e0 la fois mal\u00e9diction et b\u00e9n\u00e9diction - Stift Admont","isPartOf":{"@id":"https:\/\/stiftadmont.at\/#website"},"datePublished":"2021-09-29T14:43:24+00:00","dateModified":"2023-12-08T16:36:21+00:00","breadcrumb":{"@id":"https:\/\/stiftadmont.at\/museum\/ausstellungsrueckblick\/das-feuer-fluch-und-segen-zugleich\/#breadcrumb"},"inLanguage":"fr-FR","potentialAction":[{"@type":"ReadAction","target":["https:\/\/stiftadmont.at\/museum\/ausstellungsrueckblick\/das-feuer-fluch-und-segen-zugleich\/"]}]},{"@type":"BreadcrumbList","@id":"https:\/\/stiftadmont.at\/museum\/ausstellungsrueckblick\/das-feuer-fluch-und-segen-zugleich\/#breadcrumb","itemListElement":[{"@type":"ListItem","position":1,"name":"Start","item":"https:\/\/stiftadmont.at\/"},{"@type":"ListItem","position":2,"name":"Museum Stift Admont","item":"https:\/\/stiftadmont.at\/museum\/"},{"@type":"ListItem","position":3,"name":"Ausstellungsr\u00fcckblick","item":"https:\/\/stiftadmont.at\/museum\/ausstellungsrueckblick\/"},{"@type":"ListItem","position":4,"name":"Das Feuer \u2013 Fluch und Segen zugleich"}]},{"@type":"WebSite","@id":"https:\/\/stiftadmont.at\/#website","url":"https:\/\/stiftadmont.at\/","name":"Abbaye d'Admont","description":"Monast\u00e8re b\u00e9n\u00e9dictin et attraction touristique dans le Ges\u00e4use","potentialAction":[{"@type":"SearchAction","target":{"@type":"EntryPoint","urlTemplate":"https:\/\/stiftadmont.at\/?s={search_term_string}"},"query-input":{"@type":"PropertyValueSpecification","valueRequired":true,"valueName":"search_term_string"}}],"inLanguage":"fr-FR"}]}},"_links":{"self":[{"href":"https:\/\/stiftadmont.at\/fr\/wp-json\/wp\/v2\/pages\/6492","targetHints":{"allow":["GET"]}}],"collection":[{"href":"https:\/\/stiftadmont.at\/fr\/wp-json\/wp\/v2\/pages"}],"about":[{"href":"https:\/\/stiftadmont.at\/fr\/wp-json\/wp\/v2\/types\/page"}],"author":[{"embeddable":true,"href":"https:\/\/stiftadmont.at\/fr\/wp-json\/wp\/v2\/users\/7"}],"replies":[{"embeddable":true,"href":"https:\/\/stiftadmont.at\/fr\/wp-json\/wp\/v2\/comments?post=6492"}],"version-history":[{"count":15,"href":"https:\/\/stiftadmont.at\/fr\/wp-json\/wp\/v2\/pages\/6492\/revisions"}],"predecessor-version":[{"id":24213,"href":"https:\/\/stiftadmont.at\/fr\/wp-json\/wp\/v2\/pages\/6492\/revisions\/24213"}],"up":[{"embeddable":true,"href":"https:\/\/stiftadmont.at\/fr\/wp-json\/wp\/v2\/pages\/5864"}],"wp:attachment":[{"href":"https:\/\/stiftadmont.at\/fr\/wp-json\/wp\/v2\/media?parent=6492"}],"wp:term":[{"taxonomy":"category","embeddable":true,"href":"https:\/\/stiftadmont.at\/fr\/wp-json\/wp\/v2\/categories?post=6492"}],"curies":[{"name":"wp","href":"https:\/\/api.w.org\/{rel}","templated":true}]}}

Le feu - à la fois malédiction et bénédiction

<section id='lightpress__section--block_61547b7f9d340' class='lightpress__section--default-section-space lightpress__section lightpress__section--content'><div class="content__inner"
         x-init="initContentBlockAnim($el)">
        
    <div class="content__grid content__grid">
                                            <div class="content__box content__box--one-hundred"
                 style="">
                                
                
                                            <div class="prose"><h2 class="heading-xxl line line--gold">Le feu est à la fois une malédiction et une bénédiction, un don de Dieu et un châtiment.</h2>
<p class="paragraph-m">Jusqu'au 19e siècle, l'homme était à la merci du feu. Certes, les règlements sur les incendies empêchaient certains feux de se déclarer et de nombreux volontaires courageux éteignaient les petits incendies avec des chaînes de seaux et des pompes manuelles. Mais seule la prière permettait de lutter contre les incendies. On invoquait la Vierge Marie et les "saints du feu" comme Florian, Barbara ou Christopher. De nombreuses réponses aux prières, consignées dans le "Frauenberger Mirakelbuch", témoignent de la confiance en Dieu et de l'intercession céleste.</p>
<p class="paragraph-m">La technique moderne, le début de la motorisation et la foi dans le progrès ont de plus en plus marqué le 19e siècle. L'homme prit son destin en main. En 1851, le premier corps de pompiers volontaires de la monarchie fut créé à Reichstadt, en Bohême, et en 1853, à Graz, le premier de Styrie. En 1872, les corps de pompiers de Liezen, Rottenmann et Aussee furent fondés dans la région, en 1873 ceux d'Admont et de St.</p>
<p class="paragraph-m">Aujourd'hui, c'est la technologie de pointe qui détermine la protection contre les incendies. Des appareils ultramodernes, utilisés par des volontaires parfaitement formés, aident à lutter contre le feu. Et pourtant, saint Florian veille sur ses "disciples" à chaque poste de secours...</p>
<p class="paragraph-m"><em>Winfried Schwab OSB, responsable de la culture du couvent</em></p>
</div>
                    
                            </div>
        
            </div>
</div>

</section>

<!-- This site is optimized with the Yoast SEO Premium plugin v26.0 (Yoast SEO v26.8) - https://yoast.com/product/yoast-seo-premium-wordpress/ -->
<title>Das Feuer – Fluch und Segen zugleich - Stift Admont</title>
<meta name="robots" content="index, follow, max-snippet:-1, max-image-preview:large, max-video-preview:-1" />
<link rel="canonical" href="https://stiftadmont.at/fr/musee/retrospective-de-lexposition/le-feu-a-la-fois-malediction-et-benediction/" />
<meta property="og:locale" content="fr_FR" />
<meta property="og:type" content="article" />
<meta property="og:title" content="Das Feuer – Fluch und Segen zugleich" />
<meta property="og:url" content="https://stiftadmont.at/fr/musee/retrospective-de-lexposition/le-feu-a-la-fois-malediction-et-benediction/" />
<meta property="og:site_name" content="Stift Admont" />
<meta property="article:modified_time" content="2023-12-08T16:36:21+00:00" />
<meta property="og:image" content="https://stiftadmont.at/wp-content/uploads/Klosteranlage-innen.jpg" />
	<meta property="og:image:width" content="1912" />
	<meta property="og:image:height" content="1188" />
	<meta property="og:image:type" content="image/jpeg" />
<meta name="twitter:card" content="summary_large_image" />
<script type="application/ld+json" class="yoast-schema-graph">{"@context":"https://schema.org","@graph":[{"@type":"WebPage","@id":"https://stiftadmont.at/museum/ausstellungsrueckblick/das-feuer-fluch-und-segen-zugleich/","url":"https://stiftadmont.at/museum/ausstellungsrueckblick/das-feuer-fluch-und-segen-zugleich/","name":"Das Feuer – Fluch und Segen zugleich - Stift Admont","isPartOf":{"@id":"https://stiftadmont.at/#website"},"datePublished":"2021-09-29T14:43:24+00:00","dateModified":"2023-12-08T16:36:21+00:00","breadcrumb":{"@id":"https://stiftadmont.at/museum/ausstellungsrueckblick/das-feuer-fluch-und-segen-zugleich/#breadcrumb"},"inLanguage":"fr-FR","potentialAction":[{"@type":"ReadAction","target":["https://stiftadmont.at/museum/ausstellungsrueckblick/das-feuer-fluch-und-segen-zugleich/"]}]},{"@type":"BreadcrumbList","@id":"https://stiftadmont.at/museum/ausstellungsrueckblick/das-feuer-fluch-und-segen-zugleich/#breadcrumb","itemListElement":[{"@type":"ListItem","position":1,"name":"Start","item":"https://stiftadmont.at/"},{"@type":"ListItem","position":2,"name":"Museum Stift Admont","item":"https://stiftadmont.at/museum/"},{"@type":"ListItem","position":3,"name":"Ausstellungsrückblick","item":"https://stiftadmont.at/museum/ausstellungsrueckblick/"},{"@type":"ListItem","position":4,"name":"Das Feuer – Fluch und Segen zugleich"}]},{"@type":"WebSite","@id":"https://stiftadmont.at/#website","url":"https://stiftadmont.at/","name":"Stift Admont","description":"Benediktinerkloster und Sehenswürdigkeit im Gesäuse","potentialAction":[{"@type":"SearchAction","target":{"@type":"EntryPoint","urlTemplate":"https://stiftadmont.at/?s={search_term_string}"},"query-input":{"@type":"PropertyValueSpecification","valueRequired":true,"valueName":"search_term_string"}}],"inLanguage":"fr-FR"}]}</script>
<!-- / Yoast SEO Premium plugin. -->

Le feu - à la fois malédiction et bénédiction - Stift Admont

Ausstellungsrückblick

Monastère bénédictin et attraction touristique dans le Gesäuse
