{"id":29291,"date":"2024-07-15T08:38:13","date_gmt":"2024-07-15T06:38:13","guid":{"rendered":"https:\/\/stiftadmont.at\/?page_id=29291"},"modified":"2025-02-04T11:30:17","modified_gmt":"2025-02-04T09:30:17","slug":"prosba-o-modlitwe","status":"publish","type":"page","link":"https:\/\/stiftadmont.at\/pl\/haus-der-begegnung-2\/spiritualitaet\/gebetsanliegen\/","title":{"rendered":"Pro\u015bby o modlitw\u0119"},"content":{"rendered":"<section id='lightpress__section--block_7339a02e9d7aa3246c7a8ba279884123' class='lightpress__section--default-section-space lightpress__section lightpress__section--content'><div class=\"content__inner\"\n         x-init=\"initContentBlockAnim($el)\">\n        \n    <div class=\"content__grid content__grid\">\n                                            <div class=\"content__box content__box--one-hundred\"\n                 style=\"\">\n                                \n                \n                                            <div class=\"prose\"><h5 class=\"heading-m line line-above line--gold\">Pro\u015bby o modlitw\u0119<\/h5>\n<p>\u00a0<\/p>\n<p class=\"paragraph-m\"><span style=\"color: #333333; font-family: 'Libre Franklin', 'Helvetica Neue', helvetica, arial, sans-serif; font-size: 16px; text-align: justify; background-color: #ffffff;\">W modlitwie zwracamy si\u0119 do Boga z ufno\u015bci\u0105. Adoracja i uwielbienie, chwa\u0142a i dzi\u0119kczynienie, lament i pro\u015bba - to wszystko s\u0105 elementy modlitwy wsp\u00f3lnotowej i osobistej. Osobiste pro\u015bby modlitewne: Zapraszamy do przesy\u0142ania nam swoich pr\u00f3\u015bb modlitewnych.<\/span><br style=\"box-sizing: inherit; color: #333333; font-family: 'Libre Franklin', 'Helvetica Neue', helvetica, arial, sans-serif; font-size: 16px; text-align: justify; background-color: #ffffff;\" \/><span style=\"color: #333333; font-family: 'Libre Franklin', 'Helvetica Neue', helvetica, arial, sans-serif; font-size: 16px; text-align: justify; background-color: #ffffff;\">Co ci\u0119 niepokoi? O co chcia\u0142by\u015b poprosi\u0107 Boga? Co sprawia, \u017ce jeste\u015b szcz\u0119\u015bliwy? Za co chcia\u0142by\u015b podzi\u0119kowa\u0107 Bogu? Tutaj mo\u017cesz zapisa\u0107 swoje pro\u015bby modlitewne, zmartwienia i potrzeby. B\u0119dziemy pami\u0119ta\u0107 o twoich pro\u015bbach modlitewnych podczas niekt\u00f3rych nabo\u017ce\u0144stw.<\/span><\/p>\n<p>\u00a0<\/p>\n<p>\u00a0<\/p>\n<h5 class=\"heading-m line line-above line--gold\">Skontaktuj si\u0119 z nami<\/h5>\n<p>\u00a0<\/p>\n<p><strong>Adres: <\/strong><\/p>\n<p>Centrum Spotka\u0144 Opactwa Benedyktyn\u00f3w Admont<\/p>\n<p>Stowarzyszenie na rzecz promocji m\u0142odych student\u00f3w<\/p>\n<p>Johann-Fux-Gasse 16<\/p>\n<p>A-8010 Graz<\/p>\n<p>\u00a0<\/p>\n<p><strong>ZVR:<\/strong> 976339186<\/p>\n<p>\u00a0<\/p>\n<p><a class=\"phone\" href=\"tel:+43-316-325431-0\"><span class=\"icon-outer\"><i class=\"fa-light fa-phone\"><\/i><\/span>+43-316-325431-0<\/a><\/p>\n<p><a class=\"email\" href=\"mailto:office@hausderbegegnung.or.at\"><span class=\"icon-outer\"><i class=\"fa-light fa-envelope\"><\/i><\/span>office@hausderbegegnung.or.at<\/a><\/p>\n<p>\u00a0<\/p>\n<p><strong>Godziny otwarcia: <\/strong>Od poniedzia\u0142ku do pi\u0105tku: 10:00 - 18:30<\/p>\n<\/div>\n                    \n                            <\/div>\n        \n            <\/div>\n<\/div>\n\n<\/section>","protected":false},"excerpt":{"rendered":"","protected":false},"author":19,"featured_media":0,"parent":29279,"menu_order":4,"comment_status":"closed","ping_status":"closed","template":"","meta":{"_acf_changed":false,"footnotes":""},"categories":[],"class_list":["post-29291","page","type-page","status-publish","hentry"],"acf":[],"yoast_head":"<!-- This site is optimized with the Yoast SEO Premium plugin v26.0 (Yoast SEO v26.8) - https:\/\/yoast.com\/product\/yoast-seo-premium-wordpress\/ -->\n<title>Gebetsanliegen - Stift Admont<\/title>\n<meta name=\"robots\" content=\"index, follow, max-snippet:-1, max-image-preview:large, max-video-preview:-1\" \/>\n<link rel=\"canonical\" href=\"https:\/\/stiftadmont.at\/pl\/dom-spotkan-2\/duchowosc\/prosba-o-modlitwe\/\" \/>\n<meta property=\"og:locale\" content=\"pl_PL\" \/>\n<meta property=\"og:type\" content=\"article\" \/>\n<meta property=\"og:title\" content=\"Gebetsanliegen\" \/>\n<meta property=\"og:url\" content=\"https:\/\/stiftadmont.at\/pl\/dom-spotkan-2\/duchowosc\/prosba-o-modlitwe\/\" \/>\n<meta property=\"og:site_name\" content=\"Stift Admont\" \/>\n<meta property=\"article:modified_time\" content=\"2025-02-04T09:30:17+00:00\" \/>\n<meta property=\"og:image\" content=\"https:\/\/stiftadmont.at\/wp-content\/uploads\/Klosteranlage-innen.jpg\" \/>\n\t<meta property=\"og:image:width\" content=\"1912\" \/>\n\t<meta property=\"og:image:height\" content=\"1188\" \/>\n\t<meta property=\"og:image:type\" content=\"image\/jpeg\" \/>\n<meta name=\"twitter:card\" content=\"summary_large_image\" \/>\n<script type=\"application\/ld+json\" class=\"yoast-schema-graph\">{\"@context\":\"https:\/\/schema.org\",\"@graph\":[{\"@type\":\"WebPage\",\"@id\":\"https:\/\/stiftadmont.at\/haus-der-begegnung-2\/spiritualitaet\/gebetsanliegen\/\",\"url\":\"https:\/\/stiftadmont.at\/haus-der-begegnung-2\/spiritualitaet\/gebetsanliegen\/\",\"name\":\"Gebetsanliegen - Stift Admont\",\"isPartOf\":{\"@id\":\"https:\/\/stiftadmont.at\/#website\"},\"datePublished\":\"2024-07-15T06:38:13+00:00\",\"dateModified\":\"2025-02-04T09:30:17+00:00\",\"breadcrumb\":{\"@id\":\"https:\/\/stiftadmont.at\/haus-der-begegnung-2\/spiritualitaet\/gebetsanliegen\/#breadcrumb\"},\"inLanguage\":\"pl-PL\",\"potentialAction\":[{\"@type\":\"ReadAction\",\"target\":[\"https:\/\/stiftadmont.at\/haus-der-begegnung-2\/spiritualitaet\/gebetsanliegen\/\"]}]},{\"@type\":\"BreadcrumbList\",\"@id\":\"https:\/\/stiftadmont.at\/haus-der-begegnung-2\/spiritualitaet\/gebetsanliegen\/#breadcrumb\",\"itemListElement\":[{\"@type\":\"ListItem\",\"position\":1,\"name\":\"Start\",\"item\":\"https:\/\/stiftadmont.at\/\"},{\"@type\":\"ListItem\",\"position\":2,\"name\":\"Haus der Begegnung\",\"item\":\"https:\/\/stiftadmont.at\/haus-der-begegnung-2\/\"},{\"@type\":\"ListItem\",\"position\":3,\"name\":\"Spiritualit\u00e4t\",\"item\":\"https:\/\/stiftadmont.at\/haus-der-begegnung-2\/spiritualitaet\/\"},{\"@type\":\"ListItem\",\"position\":4,\"name\":\"Gebetsanliegen\"}]},{\"@type\":\"WebSite\",\"@id\":\"https:\/\/stiftadmont.at\/#website\",\"url\":\"https:\/\/stiftadmont.at\/\",\"name\":\"Stift Admont\",\"description\":\"Benediktinerkloster und Sehensw\u00fcrdigkeit im Ges\u00e4use\",\"potentialAction\":[{\"@type\":\"SearchAction\",\"target\":{\"@type\":\"EntryPoint\",\"urlTemplate\":\"https:\/\/stiftadmont.at\/?s={search_term_string}\"},\"query-input\":{\"@type\":\"PropertyValueSpecification\",\"valueRequired\":true,\"valueName\":\"search_term_string\"}}],\"inLanguage\":\"pl-PL\"}]}<\/script>\n<!-- \/ Yoast SEO Premium plugin. -->","yoast_head_json":{"title":"Intencje modlitewne - Opactwo Admont","robots":{"index":"index","follow":"follow","max-snippet":"max-snippet:-1","max-image-preview":"max-image-preview:large","max-video-preview":"max-video-preview:-1"},"canonical":"https:\/\/stiftadmont.at\/pl\/dom-spotkan-2\/duchowosc\/prosba-o-modlitwe\/","og_locale":"pl_PL","og_type":"article","og_title":"Gebetsanliegen","og_url":"https:\/\/stiftadmont.at\/pl\/dom-spotkan-2\/duchowosc\/prosba-o-modlitwe\/","og_site_name":"Stift Admont","article_modified_time":"2025-02-04T09:30:17+00:00","og_image":[{"width":1912,"height":1188,"url":"https:\/\/stiftadmont.at\/wp-content\/uploads\/Klosteranlage-innen.jpg","type":"image\/jpeg"}],"twitter_card":"summary_large_image","schema":{"@context":"https:\/\/schema.org","@graph":[{"@type":"WebPage","@id":"https:\/\/stiftadmont.at\/haus-der-begegnung-2\/spiritualitaet\/gebetsanliegen\/","url":"https:\/\/stiftadmont.at\/haus-der-begegnung-2\/spiritualitaet\/gebetsanliegen\/","name":"Intencje modlitewne - Opactwo Admont","isPartOf":{"@id":"https:\/\/stiftadmont.at\/#website"},"datePublished":"2024-07-15T06:38:13+00:00","dateModified":"2025-02-04T09:30:17+00:00","breadcrumb":{"@id":"https:\/\/stiftadmont.at\/haus-der-begegnung-2\/spiritualitaet\/gebetsanliegen\/#breadcrumb"},"inLanguage":"pl-PL","potentialAction":[{"@type":"ReadAction","target":["https:\/\/stiftadmont.at\/haus-der-begegnung-2\/spiritualitaet\/gebetsanliegen\/"]}]},{"@type":"BreadcrumbList","@id":"https:\/\/stiftadmont.at\/haus-der-begegnung-2\/spiritualitaet\/gebetsanliegen\/#breadcrumb","itemListElement":[{"@type":"ListItem","position":1,"name":"Start","item":"https:\/\/stiftadmont.at\/"},{"@type":"ListItem","position":2,"name":"Haus der Begegnung","item":"https:\/\/stiftadmont.at\/haus-der-begegnung-2\/"},{"@type":"ListItem","position":3,"name":"Spiritualit\u00e4t","item":"https:\/\/stiftadmont.at\/haus-der-begegnung-2\/spiritualitaet\/"},{"@type":"ListItem","position":4,"name":"Gebetsanliegen"}]},{"@type":"WebSite","@id":"https:\/\/stiftadmont.at\/#website","url":"https:\/\/stiftadmont.at\/","name":"Opactwo Admont","description":"Benedykty\u0144ski klasztor i atrakcja turystyczna w Ges\u00e4use","potentialAction":[{"@type":"SearchAction","target":{"@type":"EntryPoint","urlTemplate":"https:\/\/stiftadmont.at\/?s={search_term_string}"},"query-input":{"@type":"PropertyValueSpecification","valueRequired":true,"valueName":"search_term_string"}}],"inLanguage":"pl-PL"}]}},"_links":{"self":[{"href":"https:\/\/stiftadmont.at\/pl\/wp-json\/wp\/v2\/pages\/29291","targetHints":{"allow":["GET"]}}],"collection":[{"href":"https:\/\/stiftadmont.at\/pl\/wp-json\/wp\/v2\/pages"}],"about":[{"href":"https:\/\/stiftadmont.at\/pl\/wp-json\/wp\/v2\/types\/page"}],"author":[{"embeddable":true,"href":"https:\/\/stiftadmont.at\/pl\/wp-json\/wp\/v2\/users\/19"}],"replies":[{"embeddable":true,"href":"https:\/\/stiftadmont.at\/pl\/wp-json\/wp\/v2\/comments?post=29291"}],"version-history":[{"count":8,"href":"https:\/\/stiftadmont.at\/pl\/wp-json\/wp\/v2\/pages\/29291\/revisions"}],"predecessor-version":[{"id":32637,"href":"https:\/\/stiftadmont.at\/pl\/wp-json\/wp\/v2\/pages\/29291\/revisions\/32637"}],"up":[{"embeddable":true,"href":"https:\/\/stiftadmont.at\/pl\/wp-json\/wp\/v2\/pages\/29279"}],"wp:attachment":[{"href":"https:\/\/stiftadmont.at\/pl\/wp-json\/wp\/v2\/media?parent=29291"}],"wp:term":[{"taxonomy":"category","embeddable":true,"href":"https:\/\/stiftadmont.at\/pl\/wp-json\/wp\/v2\/categories?post=29291"}],"curies":[{"name":"wp","href":"https:\/\/api.w.org\/{rel}","templated":true}]}}

Prośby o modlitwę

<section id='lightpress__section--block_7339a02e9d7aa3246c7a8ba279884123' class='lightpress__section--default-section-space lightpress__section lightpress__section--content'><div class="content__inner"
         x-init="initContentBlockAnim($el)">
        
    <div class="content__grid content__grid">
                                            <div class="content__box content__box--one-hundred"
                 style="">
                                
                
                                            <div class="prose"><h5 class="heading-m line line-above line--gold">Prośby o modlitwę</h5>
<p> </p>
<p class="paragraph-m"><span style="color: #333333; font-family: 'Libre Franklin', 'Helvetica Neue', helvetica, arial, sans-serif; font-size: 16px; text-align: justify; background-color: #ffffff;">W modlitwie zwracamy się do Boga z ufnością. Adoracja i uwielbienie, chwała i dziękczynienie, lament i prośba - to wszystko są elementy modlitwy wspólnotowej i osobistej. Osobiste prośby modlitewne: Zapraszamy do przesyłania nam swoich próśb modlitewnych.</span><br style="box-sizing: inherit; color: #333333; font-family: 'Libre Franklin', 'Helvetica Neue', helvetica, arial, sans-serif; font-size: 16px; text-align: justify; background-color: #ffffff;" /><span style="color: #333333; font-family: 'Libre Franklin', 'Helvetica Neue', helvetica, arial, sans-serif; font-size: 16px; text-align: justify; background-color: #ffffff;">Co cię niepokoi? O co chciałbyś poprosić Boga? Co sprawia, że jesteś szczęśliwy? Za co chciałbyś podziękować Bogu? Tutaj możesz zapisać swoje prośby modlitewne, zmartwienia i potrzeby. Będziemy pamiętać o twoich prośbach modlitewnych podczas niektórych nabożeństw.</span></p>
<p> </p>
<p> </p>
<h5 class="heading-m line line-above line--gold">Skontaktuj się z nami</h5>
<p> </p>
<p><strong>Adres: </strong></p>
<p>Centrum Spotkań Opactwa Benedyktynów Admont</p>
<p>Stowarzyszenie na rzecz promocji młodych studentów</p>
<p>Johann-Fux-Gasse 16</p>
<p>A-8010 Graz</p>
<p> </p>
<p><strong>ZVR:</strong> 976339186</p>
<p> </p>
<p><a class="phone" href="tel:+43-316-325431-0"><span class="icon-outer"><i class="fa-light fa-phone"></i></span>+43-316-325431-0</a></p>
<p><a class="email" href="mailto:office@hausderbegegnung.or.at"><span class="icon-outer"><i class="fa-light fa-envelope"></i></span>office@hausderbegegnung.or.at</a></p>
<p> </p>
<p><strong>Godziny otwarcia: </strong>Od poniedziałku do piątku: 10:00 - 18:30</p>
</div>
                    
                            </div>
        
            </div>
</div>

</section>

<!-- This site is optimized with the Yoast SEO Premium plugin v26.0 (Yoast SEO v26.8) - https://yoast.com/product/yoast-seo-premium-wordpress/ -->
<title>Gebetsanliegen - Stift Admont</title>
<meta name="robots" content="index, follow, max-snippet:-1, max-image-preview:large, max-video-preview:-1" />
<link rel="canonical" href="https://stiftadmont.at/pl/dom-spotkan-2/duchowosc/prosba-o-modlitwe/" />
<meta property="og:locale" content="pl_PL" />
<meta property="og:type" content="article" />
<meta property="og:title" content="Gebetsanliegen" />
<meta property="og:url" content="https://stiftadmont.at/pl/dom-spotkan-2/duchowosc/prosba-o-modlitwe/" />
<meta property="og:site_name" content="Stift Admont" />
<meta property="article:modified_time" content="2025-02-04T09:30:17+00:00" />
<meta property="og:image" content="https://stiftadmont.at/wp-content/uploads/Klosteranlage-innen.jpg" />
	<meta property="og:image:width" content="1912" />
	<meta property="og:image:height" content="1188" />
	<meta property="og:image:type" content="image/jpeg" />
<meta name="twitter:card" content="summary_large_image" />
<script type="application/ld+json" class="yoast-schema-graph">{"@context":"https://schema.org","@graph":[{"@type":"WebPage","@id":"https://stiftadmont.at/haus-der-begegnung-2/spiritualitaet/gebetsanliegen/","url":"https://stiftadmont.at/haus-der-begegnung-2/spiritualitaet/gebetsanliegen/","name":"Gebetsanliegen - Stift Admont","isPartOf":{"@id":"https://stiftadmont.at/#website"},"datePublished":"2024-07-15T06:38:13+00:00","dateModified":"2025-02-04T09:30:17+00:00","breadcrumb":{"@id":"https://stiftadmont.at/haus-der-begegnung-2/spiritualitaet/gebetsanliegen/#breadcrumb"},"inLanguage":"pl-PL","potentialAction":[{"@type":"ReadAction","target":["https://stiftadmont.at/haus-der-begegnung-2/spiritualitaet/gebetsanliegen/"]}]},{"@type":"BreadcrumbList","@id":"https://stiftadmont.at/haus-der-begegnung-2/spiritualitaet/gebetsanliegen/#breadcrumb","itemListElement":[{"@type":"ListItem","position":1,"name":"Start","item":"https://stiftadmont.at/"},{"@type":"ListItem","position":2,"name":"Haus der Begegnung","item":"https://stiftadmont.at/haus-der-begegnung-2/"},{"@type":"ListItem","position":3,"name":"Spiritualität","item":"https://stiftadmont.at/haus-der-begegnung-2/spiritualitaet/"},{"@type":"ListItem","position":4,"name":"Gebetsanliegen"}]},{"@type":"WebSite","@id":"https://stiftadmont.at/#website","url":"https://stiftadmont.at/","name":"Stift Admont","description":"Benediktinerkloster und Sehenswürdigkeit im Gesäuse","potentialAction":[{"@type":"SearchAction","target":{"@type":"EntryPoint","urlTemplate":"https://stiftadmont.at/?s={search_term_string}"},"query-input":{"@type":"PropertyValueSpecification","valueRequired":true,"valueName":"search_term_string"}}],"inLanguage":"pl-PL"}]}</script>
<!-- / Yoast SEO Premium plugin. -->

Spiritualität

Benedyktyński klasztor i atrakcja turystyczna w Gesäuse
