{"id":6480,"date":"2021-09-29T16:40:07","date_gmt":"2021-09-29T14:40:07","guid":{"rendered":"https:\/\/stiftadmont.at\/?page_id=6480"},"modified":"2023-12-11T10:55:04","modified_gmt":"2023-12-11T08:55:04","slug":"neo-odkryte-na-nowo-w-muzeum-historii-sztuki","status":"publish","type":"page","link":"https:\/\/stiftadmont.at\/pl\/museum\/ausstellungsrueckblick\/neo-neu-wiederentdeckt-im-kunsthistorischen-museum\/","title":{"rendered":"NEO\/NEW - Odkryte na nowo w Kunsthistorisches Museum"},"content":{"rendered":"<section id='lightpress__section--block_61547ac0e6543' class='lightpress__section--default-section-space lightpress__section lightpress__section--content'><div class=\"content__inner\"\n         x-init=\"initContentBlockAnim($el)\">\n        \n    <div class=\"content__grid content__grid\">\n                                            <div class=\"content__box content__box--one-hundred\"\n                 style=\"\">\n                                \n                \n                                            <div class=\"prose\"><p class=\"paragraph-m\">Po spaleniu klasztoru w 1865 roku, ko\u015bci\u00f3\u0142 opactwa Admont zosta\u0142 odbudowany w nowoczesnym w\u00f3wczas stylu neogotyckim. W trakcie odbudowy powsta\u0142o bogactwo przedmiot\u00f3w liturgicznych inspirowanych \u015bredniowiecznym stylem gotyckim dla ko\u015bcio\u0142a, ale tak\u017ce dla mnich\u00f3w, kt\u00f3rzy zawsze byli otwarci na sztuk\u0119. Chocia\u017c te kielichy, cyboria, monstrancje itp. nie zbli\u017caj\u0105 si\u0119 do wielkiej sztuki \u015bredniowiecznego gotyku, s\u0105 jednak ekscytuj\u0105cymi \u015bwiadkami epoki artystycznej, kt\u00f3ra wywar\u0142a znacz\u0105cy wp\u0142yw nie tylko w Admont z kolegiat\u0105, ale na ca\u0142ym kontynencie europejskim. W ostatnich latach priorytetem dla kustosza P. Maximiliana by\u0142o odrestaurowanie w szczeg\u00f3lno\u015bci tych obiekt\u00f3w, kt\u00f3re niestety cz\u0119sto s\u0105 traktowane z przymru\u017ceniem oka. Niekt\u00f3re z nich zosta\u0142y zaprezentowane publiczno\u015bci po raz pierwszy w sezonie 2017.<\/p>\n<p class=\"paragraph-m\">Po d\u0142ugiej przerwie \"Regalia bo\u017conarodzeniowe\" o. Benno Haana, arcydzie\u0142o mnicha z Admont z lat osiemdziesi\u0105tych XVI wieku, zosta\u0142y ponownie wystawione w komnacie paramentowej. Bogaty program obrazowy, malarstwo ig\u0142\u0105 najwy\u017cszej jako\u015bci - wspania\u0142e \u015bwiadectwo sztuki barokowej, wykonanej w opactwie Admont i zawsze u\u017cywanej na chwa\u0142\u0119 Boga. Obok - wystawiona po raz pierwszy - barokowa szata liturgiczna w rzadkim kolorze r\u00f3\u017cowym, arcydzie\u0142o techniki tkackiej.<\/p>\n<div class=\"info info--info\">\n<p>Kustosz: o. Maksymilian Schieferm\u00fcller OSB<\/p>\n<\/div>\n<\/div>\n                    \n                            <\/div>\n        \n            <\/div>\n<\/div>\n\n<\/section>","protected":false},"excerpt":{"rendered":"","protected":false},"author":7,"featured_media":0,"parent":5864,"menu_order":7,"comment_status":"closed","ping_status":"closed","template":"","meta":{"_acf_changed":false,"footnotes":""},"categories":[73],"class_list":["post-6480","page","type-page","status-publish","hentry","category-ausstellungsrueckblick"],"acf":[],"yoast_head":"<!-- This site is optimized with the Yoast SEO Premium plugin v26.0 (Yoast SEO v26.8) - https:\/\/yoast.com\/product\/yoast-seo-premium-wordpress\/ -->\n<title>NEO\/NEU \u2013 Wiederentdeckt im Kunsthistorischen Museum - Stift Admont<\/title>\n<meta name=\"robots\" content=\"index, follow, max-snippet:-1, max-image-preview:large, max-video-preview:-1\" \/>\n<link rel=\"canonical\" href=\"https:\/\/stiftadmont.at\/pl\/muzeum\/przeglad-wystawy\/neo-odkryte-na-nowo-w-muzeum-historii-sztuki\/\" \/>\n<meta property=\"og:locale\" content=\"pl_PL\" \/>\n<meta property=\"og:type\" content=\"article\" \/>\n<meta property=\"og:title\" content=\"NEO\/NEU \u2013 Wiederentdeckt im Kunsthistorischen Museum\" \/>\n<meta property=\"og:url\" content=\"https:\/\/stiftadmont.at\/pl\/muzeum\/przeglad-wystawy\/neo-odkryte-na-nowo-w-muzeum-historii-sztuki\/\" \/>\n<meta property=\"og:site_name\" content=\"Stift Admont\" \/>\n<meta property=\"article:modified_time\" content=\"2023-12-11T08:55:04+00:00\" \/>\n<meta property=\"og:image\" content=\"https:\/\/stiftadmont.at\/wp-content\/uploads\/Klosteranlage-innen.jpg\" \/>\n\t<meta property=\"og:image:width\" content=\"1912\" \/>\n\t<meta property=\"og:image:height\" content=\"1188\" \/>\n\t<meta property=\"og:image:type\" content=\"image\/jpeg\" \/>\n<meta name=\"twitter:card\" content=\"summary_large_image\" \/>\n<script type=\"application\/ld+json\" class=\"yoast-schema-graph\">{\"@context\":\"https:\/\/schema.org\",\"@graph\":[{\"@type\":\"WebPage\",\"@id\":\"https:\/\/stiftadmont.at\/museum\/ausstellungsrueckblick\/neo-neu-wiederentdeckt-im-kunsthistorischen-museum\/\",\"url\":\"https:\/\/stiftadmont.at\/museum\/ausstellungsrueckblick\/neo-neu-wiederentdeckt-im-kunsthistorischen-museum\/\",\"name\":\"NEO\/NEU \u2013 Wiederentdeckt im Kunsthistorischen Museum - Stift Admont\",\"isPartOf\":{\"@id\":\"https:\/\/stiftadmont.at\/#website\"},\"datePublished\":\"2021-09-29T14:40:07+00:00\",\"dateModified\":\"2023-12-11T08:55:04+00:00\",\"breadcrumb\":{\"@id\":\"https:\/\/stiftadmont.at\/museum\/ausstellungsrueckblick\/neo-neu-wiederentdeckt-im-kunsthistorischen-museum\/#breadcrumb\"},\"inLanguage\":\"pl-PL\",\"potentialAction\":[{\"@type\":\"ReadAction\",\"target\":[\"https:\/\/stiftadmont.at\/museum\/ausstellungsrueckblick\/neo-neu-wiederentdeckt-im-kunsthistorischen-museum\/\"]}]},{\"@type\":\"BreadcrumbList\",\"@id\":\"https:\/\/stiftadmont.at\/museum\/ausstellungsrueckblick\/neo-neu-wiederentdeckt-im-kunsthistorischen-museum\/#breadcrumb\",\"itemListElement\":[{\"@type\":\"ListItem\",\"position\":1,\"name\":\"Start\",\"item\":\"https:\/\/stiftadmont.at\/\"},{\"@type\":\"ListItem\",\"position\":2,\"name\":\"Museum Stift Admont\",\"item\":\"https:\/\/stiftadmont.at\/museum\/\"},{\"@type\":\"ListItem\",\"position\":3,\"name\":\"Ausstellungsr\u00fcckblick\",\"item\":\"https:\/\/stiftadmont.at\/museum\/ausstellungsrueckblick\/\"},{\"@type\":\"ListItem\",\"position\":4,\"name\":\"NEO\/NEU \u2013 Wiederentdeckt im Kunsthistorischen Museum\"}]},{\"@type\":\"WebSite\",\"@id\":\"https:\/\/stiftadmont.at\/#website\",\"url\":\"https:\/\/stiftadmont.at\/\",\"name\":\"Stift Admont\",\"description\":\"Benediktinerkloster und Sehensw\u00fcrdigkeit im Ges\u00e4use\",\"potentialAction\":[{\"@type\":\"SearchAction\",\"target\":{\"@type\":\"EntryPoint\",\"urlTemplate\":\"https:\/\/stiftadmont.at\/?s={search_term_string}\"},\"query-input\":{\"@type\":\"PropertyValueSpecification\",\"valueRequired\":true,\"valueName\":\"search_term_string\"}}],\"inLanguage\":\"pl-PL\"}]}<\/script>\n<!-- \/ Yoast SEO Premium plugin. -->","yoast_head_json":{"title":"NEO\/NEW - Odkryte na nowo w Kunsthistorisches Museum - Opactwo Admont","robots":{"index":"index","follow":"follow","max-snippet":"max-snippet:-1","max-image-preview":"max-image-preview:large","max-video-preview":"max-video-preview:-1"},"canonical":"https:\/\/stiftadmont.at\/pl\/muzeum\/przeglad-wystawy\/neo-odkryte-na-nowo-w-muzeum-historii-sztuki\/","og_locale":"pl_PL","og_type":"article","og_title":"NEO\/NEU \u2013 Wiederentdeckt im Kunsthistorischen Museum","og_url":"https:\/\/stiftadmont.at\/pl\/muzeum\/przeglad-wystawy\/neo-odkryte-na-nowo-w-muzeum-historii-sztuki\/","og_site_name":"Stift Admont","article_modified_time":"2023-12-11T08:55:04+00:00","og_image":[{"width":1912,"height":1188,"url":"https:\/\/stiftadmont.at\/wp-content\/uploads\/Klosteranlage-innen.jpg","type":"image\/jpeg"}],"twitter_card":"summary_large_image","schema":{"@context":"https:\/\/schema.org","@graph":[{"@type":"WebPage","@id":"https:\/\/stiftadmont.at\/museum\/ausstellungsrueckblick\/neo-neu-wiederentdeckt-im-kunsthistorischen-museum\/","url":"https:\/\/stiftadmont.at\/museum\/ausstellungsrueckblick\/neo-neu-wiederentdeckt-im-kunsthistorischen-museum\/","name":"NEO\/NEW - Odkryte na nowo w Kunsthistorisches Museum - Opactwo Admont","isPartOf":{"@id":"https:\/\/stiftadmont.at\/#website"},"datePublished":"2021-09-29T14:40:07+00:00","dateModified":"2023-12-11T08:55:04+00:00","breadcrumb":{"@id":"https:\/\/stiftadmont.at\/museum\/ausstellungsrueckblick\/neo-neu-wiederentdeckt-im-kunsthistorischen-museum\/#breadcrumb"},"inLanguage":"pl-PL","potentialAction":[{"@type":"ReadAction","target":["https:\/\/stiftadmont.at\/museum\/ausstellungsrueckblick\/neo-neu-wiederentdeckt-im-kunsthistorischen-museum\/"]}]},{"@type":"BreadcrumbList","@id":"https:\/\/stiftadmont.at\/museum\/ausstellungsrueckblick\/neo-neu-wiederentdeckt-im-kunsthistorischen-museum\/#breadcrumb","itemListElement":[{"@type":"ListItem","position":1,"name":"Start","item":"https:\/\/stiftadmont.at\/"},{"@type":"ListItem","position":2,"name":"Museum Stift Admont","item":"https:\/\/stiftadmont.at\/museum\/"},{"@type":"ListItem","position":3,"name":"Ausstellungsr\u00fcckblick","item":"https:\/\/stiftadmont.at\/museum\/ausstellungsrueckblick\/"},{"@type":"ListItem","position":4,"name":"NEO\/NEU \u2013 Wiederentdeckt im Kunsthistorischen Museum"}]},{"@type":"WebSite","@id":"https:\/\/stiftadmont.at\/#website","url":"https:\/\/stiftadmont.at\/","name":"Opactwo Admont","description":"Benedykty\u0144ski klasztor i atrakcja turystyczna w Ges\u00e4use","potentialAction":[{"@type":"SearchAction","target":{"@type":"EntryPoint","urlTemplate":"https:\/\/stiftadmont.at\/?s={search_term_string}"},"query-input":{"@type":"PropertyValueSpecification","valueRequired":true,"valueName":"search_term_string"}}],"inLanguage":"pl-PL"}]}},"_links":{"self":[{"href":"https:\/\/stiftadmont.at\/pl\/wp-json\/wp\/v2\/pages\/6480","targetHints":{"allow":["GET"]}}],"collection":[{"href":"https:\/\/stiftadmont.at\/pl\/wp-json\/wp\/v2\/pages"}],"about":[{"href":"https:\/\/stiftadmont.at\/pl\/wp-json\/wp\/v2\/types\/page"}],"author":[{"embeddable":true,"href":"https:\/\/stiftadmont.at\/pl\/wp-json\/wp\/v2\/users\/7"}],"replies":[{"embeddable":true,"href":"https:\/\/stiftadmont.at\/pl\/wp-json\/wp\/v2\/comments?post=6480"}],"version-history":[{"count":7,"href":"https:\/\/stiftadmont.at\/pl\/wp-json\/wp\/v2\/pages\/6480\/revisions"}],"predecessor-version":[{"id":24272,"href":"https:\/\/stiftadmont.at\/pl\/wp-json\/wp\/v2\/pages\/6480\/revisions\/24272"}],"up":[{"embeddable":true,"href":"https:\/\/stiftadmont.at\/pl\/wp-json\/wp\/v2\/pages\/5864"}],"wp:attachment":[{"href":"https:\/\/stiftadmont.at\/pl\/wp-json\/wp\/v2\/media?parent=6480"}],"wp:term":[{"taxonomy":"category","embeddable":true,"href":"https:\/\/stiftadmont.at\/pl\/wp-json\/wp\/v2\/categories?post=6480"}],"curies":[{"name":"wp","href":"https:\/\/api.w.org\/{rel}","templated":true}]}}

<section id='lightpress__section--block_61547ac0e6543' class='lightpress__section--default-section-space lightpress__section lightpress__section--content'><div class="content__inner"
         x-init="initContentBlockAnim($el)">
        
    <div class="content__grid content__grid">
                                            <div class="content__box content__box--one-hundred"
                 style="">
                                
                
                                            <div class="prose"><p class="paragraph-m">Po spaleniu klasztoru w 1865 roku, kościół opactwa Admont został odbudowany w nowoczesnym wówczas stylu neogotyckim. W trakcie odbudowy powstało bogactwo przedmiotów liturgicznych inspirowanych średniowiecznym stylem gotyckim dla kościoła, ale także dla mnichów, którzy zawsze byli otwarci na sztukę. Chociaż te kielichy, cyboria, monstrancje itp. nie zbliżają się do wielkiej sztuki średniowiecznego gotyku, są jednak ekscytującymi świadkami epoki artystycznej, która wywarła znaczący wpływ nie tylko w Admont z kolegiatą, ale na całym kontynencie europejskim. W ostatnich latach priorytetem dla kustosza P. Maximiliana było odrestaurowanie w szczególności tych obiektów, które niestety często są traktowane z przymrużeniem oka. Niektóre z nich zostały zaprezentowane publiczności po raz pierwszy w sezonie 2017.</p>
<p class="paragraph-m">Po długiej przerwie "Regalia bożonarodzeniowe" o. Benno Haana, arcydzieło mnicha z Admont z lat osiemdziesiątych XVI wieku, zostały ponownie wystawione w komnacie paramentowej. Bogaty program obrazowy, malarstwo igłą najwyższej jakości - wspaniałe świadectwo sztuki barokowej, wykonanej w opactwie Admont i zawsze używanej na chwałę Boga. Obok - wystawiona po raz pierwszy - barokowa szata liturgiczna w rzadkim kolorze różowym, arcydzieło techniki tkackiej.</p>
<div class="info info--info">
<p>Kustosz: o. Maksymilian Schiefermüller OSB</p>
</div>
</div>
                    
                            </div>
        
            </div>
</div>

</section>

<!-- This site is optimized with the Yoast SEO Premium plugin v26.0 (Yoast SEO v26.8) - https://yoast.com/product/yoast-seo-premium-wordpress/ -->
<title>NEO/NEU – Wiederentdeckt im Kunsthistorischen Museum - Stift Admont</title>
<meta name="robots" content="index, follow, max-snippet:-1, max-image-preview:large, max-video-preview:-1" />
<link rel="canonical" href="https://stiftadmont.at/pl/muzeum/przeglad-wystawy/neo-odkryte-na-nowo-w-muzeum-historii-sztuki/" />
<meta property="og:locale" content="pl_PL" />
<meta property="og:type" content="article" />
<meta property="og:title" content="NEO/NEU – Wiederentdeckt im Kunsthistorischen Museum" />
<meta property="og:url" content="https://stiftadmont.at/pl/muzeum/przeglad-wystawy/neo-odkryte-na-nowo-w-muzeum-historii-sztuki/" />
<meta property="og:site_name" content="Stift Admont" />
<meta property="article:modified_time" content="2023-12-11T08:55:04+00:00" />
<meta property="og:image" content="https://stiftadmont.at/wp-content/uploads/Klosteranlage-innen.jpg" />
	<meta property="og:image:width" content="1912" />
	<meta property="og:image:height" content="1188" />
	<meta property="og:image:type" content="image/jpeg" />
<meta name="twitter:card" content="summary_large_image" />
<script type="application/ld+json" class="yoast-schema-graph">{"@context":"https://schema.org","@graph":[{"@type":"WebPage","@id":"https://stiftadmont.at/museum/ausstellungsrueckblick/neo-neu-wiederentdeckt-im-kunsthistorischen-museum/","url":"https://stiftadmont.at/museum/ausstellungsrueckblick/neo-neu-wiederentdeckt-im-kunsthistorischen-museum/","name":"NEO/NEU – Wiederentdeckt im Kunsthistorischen Museum - Stift Admont","isPartOf":{"@id":"https://stiftadmont.at/#website"},"datePublished":"2021-09-29T14:40:07+00:00","dateModified":"2023-12-11T08:55:04+00:00","breadcrumb":{"@id":"https://stiftadmont.at/museum/ausstellungsrueckblick/neo-neu-wiederentdeckt-im-kunsthistorischen-museum/#breadcrumb"},"inLanguage":"pl-PL","potentialAction":[{"@type":"ReadAction","target":["https://stiftadmont.at/museum/ausstellungsrueckblick/neo-neu-wiederentdeckt-im-kunsthistorischen-museum/"]}]},{"@type":"BreadcrumbList","@id":"https://stiftadmont.at/museum/ausstellungsrueckblick/neo-neu-wiederentdeckt-im-kunsthistorischen-museum/#breadcrumb","itemListElement":[{"@type":"ListItem","position":1,"name":"Start","item":"https://stiftadmont.at/"},{"@type":"ListItem","position":2,"name":"Museum Stift Admont","item":"https://stiftadmont.at/museum/"},{"@type":"ListItem","position":3,"name":"Ausstellungsrückblick","item":"https://stiftadmont.at/museum/ausstellungsrueckblick/"},{"@type":"ListItem","position":4,"name":"NEO/NEU – Wiederentdeckt im Kunsthistorischen Museum"}]},{"@type":"WebSite","@id":"https://stiftadmont.at/#website","url":"https://stiftadmont.at/","name":"Stift Admont","description":"Benediktinerkloster und Sehenswürdigkeit im Gesäuse","potentialAction":[{"@type":"SearchAction","target":{"@type":"EntryPoint","urlTemplate":"https://stiftadmont.at/?s={search_term_string}"},"query-input":{"@type":"PropertyValueSpecification","valueRequired":true,"valueName":"search_term_string"}}],"inLanguage":"pl-PL"}]}</script>
<!-- / Yoast SEO Premium plugin. -->

Ausstellungsrückblick

Benedyktyński klasztor i atrakcja turystyczna w Gesäuse
